{"id":16687,"date":"2022-06-24T13:50:20","date_gmt":"2022-06-24T11:50:20","guid":{"rendered":"https:\/\/www.imesch-produkte.ch\/?post_type=product&#038;p=16687"},"modified":"2024-09-20T11:31:54","modified_gmt":"2024-09-20T09:31:54","slug":"clean-and-clever-alkoholreiniger-10-liter","status":"publish","type":"product","link":"https:\/\/www.staging.imesch-produkte.ch\/?product=clean-and-clever-alkoholreiniger-10-liter","title":{"rendered":"CLEAN and CLEVER Alkoholreiniger 10 Liter"},"content":{"rendered":"<p>CLEAN and CLEVER Alkoholreiniger 10 Liter <a href=\"https:\/\/eu-ecolabel.de\/fuer-verbraucher\/produktwelten\">SMA<\/a> 2 f\u00fcr die gr\u00fcndliche Reinigung von allen wasserbest\u00e4ndigen Oberfl\u00e4chen (bspw. Fliesen) und Gegenst\u00e4nden.<\/p>\n<p>Der CLEAN and CLEVER Alkoholreiniger 10 Liter hat eine sehr gute Reinigungswirkung und trocknet schnell. Ausserdem ist er streifenfrei und hinterl\u00e4sst einen strahlenden Glanz. Der Alkoholreiniger ist sanft und hinterl\u00e4sst einen angenehmen Duft.<\/p>\n<p>Produktvorteile:<br \/>\n&#8211; Gute Reinigungswirkung<br \/>\n&#8211; Trocknet schnell und streifenfrei<br \/>\n&#8211; Hinterl\u00e4sst einen strahlenden Glanz<br \/>\n&#8211; Materialschonend<br \/>\n&#8211; Angenehmer Duft<\/p>\n<p>Anwendungsbereiche:<br \/>\ngeeignet f\u00fcr Laminat, versiegelte Holzoberfl\u00e4chen, Kunststoff, hochgl\u00e4nzende Oberfl\u00e4chen, Steinzeug- und keramische Fliesen, Edelstahl, Chrom<\/p>\n<p>&nbsp;<\/p>\n<p>Der Alkoholreiniger geh\u00f6rt zu den CLEAN and CLEVER Produkten, welche ausschliesslich Hersteller ber\u00fccksichtigt, die auf ethische Prinzipien achten. Dazu geh\u00f6ren insbesondere der Schutz der Menschenrechte, faire Arbeitsbedingungen, Umweltschutz und Verbot von Korruption. Dies wird mit systematischen Analysen und strengen Produktionsst\u00e4ttenaudits \u00fcberwacht.<\/p>\n<p><strong>Europ\u00e4ische Produktion<\/strong><br \/>\nCLEAN and CLEVER Produkte werden vorwiegend in Deutschland produziert. Das erm\u00f6glicht eine bessere Qualit\u00e4tskontrolle, st\u00e4rkt aber auch die europ\u00e4ische Wirtschaft. Gleichzeitig werden Transportwege und der damit verbundene CO2-Ausstoss auf niedrigem Niveau gehalten.<\/p>\n<p><strong>Nachhaltige Entwicklung<\/strong><br \/>\nBei der Entwicklung der Produkte wird die gesamte Wertsch\u00f6pfungskette in den Blick genommen und vor dem Hintergrund von Nachhaltigkeitskriterien auf Optimierungspotenzial untersucht:<br \/>\n&#8211; Kurze Transportwege<br \/>\n&#8211; Verl\u00e4ssliche Partner<br \/>\n&#8211; Nachhaltige Rohstoffe<br \/>\n&#8211; Ressourcenschonende Fertigung<\/p>\n<p>&nbsp;<\/p>\n<p>Weitere Reinigungsprodukte finden Sie <a href=\"https:\/\/www.imesch-produkte.ch\/produkt-kategorie\/reinigung\/\">hier<\/a>.<\/p>\n","protected":false},"excerpt":{"rendered":"<p>&#8211; Gute Reinigungswirkung<br \/>\n&#8211; Trocknet schnell und streifenfrei<br \/>\n&#8211; Hinterl\u00e4sst einen strahlenden Glanz<br \/>\n&#8211; Materialschonend<br \/>\n&#8211; Angenehmer Duft<\/p>\n","protected":false},"featured_media":16688,"comment_status":"open","ping_status":"closed","template":"","meta":[],"product_cat":[847,848],"product_tag":[875],"class_list":{"0":"post-16687","1":"product","2":"type-product","3":"status-publish","4":"has-post-thumbnail","6":"product_cat-reinigung","7":"product_cat-reinigungsmittel-reinigung","8":"product_tag-clean-clever","10":"first","11":"instock","12":"taxable","13":"shipping-taxable","14":"purchasable","15":"product-type-simple"},"yoast_head":"<!-- This site is optimized with the Yoast SEO plugin v23.9 - https:\/\/yoast.com\/wordpress\/plugins\/seo\/ -->\n<title>CLEAN and CLEVER Alkoholreiniger 10 Liter | Imesch Produkte<\/title>\n<meta name=\"description\" content=\"CLEAN and CLEVER Alkoholreiniger 10 Liter jetzt kaufen. F\u00fcr die gr\u00fcndliche Reinigung von allen Oberfl\u00e4chen und Gegenst\u00e4nden.\" \/>\n<meta name=\"robots\" content=\"noindex, follow, max-snippet:-1, max-image-preview:large, max-video-preview:-1\" \/>\n<meta property=\"og:locale\" content=\"de_DE\" \/>\n<meta property=\"og:type\" content=\"article\" \/>\n<meta property=\"og:title\" content=\"CLEAN and CLEVER Alkoholreiniger 10 Liter | Imesch Produkte\" \/>\n<meta property=\"og:description\" content=\"CLEAN and CLEVER Alkoholreiniger 10 Liter jetzt kaufen. F\u00fcr die gr\u00fcndliche Reinigung von allen Oberfl\u00e4chen und Gegenst\u00e4nden.\" \/>\n<meta property=\"og:url\" content=\"https:\/\/www.staging.imesch-produkte.ch\/?product=clean-and-clever-alkoholreiniger-10-liter\" \/>\n<meta property=\"og:site_name\" content=\"Imesch Produkte\" \/>\n<meta property=\"article:modified_time\" content=\"2024-09-20T09:31:54+00:00\" \/>\n<meta property=\"og:image\" content=\"https:\/\/www.staging.imesch-produkte.ch\/wp-content\/uploads\/2022\/06\/WEB_1637607_Alkoholreiniger.jpg\" \/>\n\t<meta property=\"og:image:width\" content=\"600\" \/>\n\t<meta property=\"og:image:height\" content=\"429\" \/>\n\t<meta property=\"og:image:type\" content=\"image\/jpeg\" \/>\n<meta name=\"twitter:card\" content=\"summary_large_image\" \/>\n<meta name=\"twitter:label1\" content=\"Gesch\u00e4tzte Lesezeit\" \/>\n\t<meta name=\"twitter:data1\" content=\"1\u00a0Minute\" \/>\n<script type=\"application\/ld+json\" class=\"yoast-schema-graph\">{\"@context\":\"https:\/\/schema.org\",\"@graph\":[{\"@type\":\"WebPage\",\"@id\":\"https:\/\/www.staging.imesch-produkte.ch\/?product=clean-and-clever-alkoholreiniger-10-liter\",\"url\":\"https:\/\/www.staging.imesch-produkte.ch\/?product=clean-and-clever-alkoholreiniger-10-liter\",\"name\":\"CLEAN and CLEVER Alkoholreiniger 10 Liter | Imesch Produkte\",\"isPartOf\":{\"@id\":\"https:\/\/www.staging.imesch-produkte.ch\/#website\"},\"primaryImageOfPage\":{\"@id\":\"https:\/\/www.staging.imesch-produkte.ch\/?product=clean-and-clever-alkoholreiniger-10-liter#primaryimage\"},\"image\":{\"@id\":\"https:\/\/www.staging.imesch-produkte.ch\/?product=clean-and-clever-alkoholreiniger-10-liter#primaryimage\"},\"thumbnailUrl\":\"https:\/\/www.staging.imesch-produkte.ch\/wp-content\/uploads\/2022\/06\/WEB_1637607_Alkoholreiniger.jpg\",\"datePublished\":\"2022-06-24T11:50:20+00:00\",\"dateModified\":\"2024-09-20T09:31:54+00:00\",\"description\":\"CLEAN and CLEVER Alkoholreiniger 10 Liter jetzt kaufen. F\u00fcr die gr\u00fcndliche Reinigung von allen Oberfl\u00e4chen und Gegenst\u00e4nden.\",\"breadcrumb\":{\"@id\":\"https:\/\/www.staging.imesch-produkte.ch\/?product=clean-and-clever-alkoholreiniger-10-liter#breadcrumb\"},\"inLanguage\":\"de\",\"potentialAction\":[{\"@type\":\"ReadAction\",\"target\":[\"https:\/\/www.staging.imesch-produkte.ch\/?product=clean-and-clever-alkoholreiniger-10-liter\"]}]},{\"@type\":\"ImageObject\",\"inLanguage\":\"de\",\"@id\":\"https:\/\/www.staging.imesch-produkte.ch\/?product=clean-and-clever-alkoholreiniger-10-liter#primaryimage\",\"url\":\"https:\/\/www.staging.imesch-produkte.ch\/wp-content\/uploads\/2022\/06\/WEB_1637607_Alkoholreiniger.jpg\",\"contentUrl\":\"https:\/\/www.staging.imesch-produkte.ch\/wp-content\/uploads\/2022\/06\/WEB_1637607_Alkoholreiniger.jpg\",\"width\":600,\"height\":429,\"caption\":\"Alkoholreiniger\"},{\"@type\":\"BreadcrumbList\",\"@id\":\"https:\/\/www.staging.imesch-produkte.ch\/?product=clean-and-clever-alkoholreiniger-10-liter#breadcrumb\",\"itemListElement\":[{\"@type\":\"ListItem\",\"position\":1,\"name\":\"Startseite\",\"item\":\"https:\/\/www.staging.imesch-produkte.ch\/\"},{\"@type\":\"ListItem\",\"position\":2,\"name\":\"Shop\",\"item\":\"https:\/\/www.staging.imesch-produkte.ch\/?page_id=401\"},{\"@type\":\"ListItem\",\"position\":3,\"name\":\"CLEAN and CLEVER Alkoholreiniger 10 Liter\"}]},{\"@type\":\"WebSite\",\"@id\":\"https:\/\/www.staging.imesch-produkte.ch\/#website\",\"url\":\"https:\/\/www.staging.imesch-produkte.ch\/\",\"name\":\"Imesch-Produkte\",\"description\":\"Qualit\u00e4t verbindet Generationen\",\"publisher\":{\"@id\":\"https:\/\/www.staging.imesch-produkte.ch\/#organization\"},\"potentialAction\":[{\"@type\":\"SearchAction\",\"target\":{\"@type\":\"EntryPoint\",\"urlTemplate\":\"https:\/\/www.staging.imesch-produkte.ch\/?s={search_term_string}\"},\"query-input\":{\"@type\":\"PropertyValueSpecification\",\"valueRequired\":true,\"valueName\":\"search_term_string\"}}],\"inLanguage\":\"de\"},{\"@type\":\"Organization\",\"@id\":\"https:\/\/www.staging.imesch-produkte.ch\/#organization\",\"name\":\"Imesch-Produkte GmbH\",\"url\":\"https:\/\/www.staging.imesch-produkte.ch\/\",\"logo\":{\"@type\":\"ImageObject\",\"inLanguage\":\"de\",\"@id\":\"https:\/\/www.staging.imesch-produkte.ch\/#\/schema\/logo\/image\/\",\"url\":\"https:\/\/i0.wp.com\/www.imesch-produkte.ch\/wordpress\/wp-content\/uploads\/2020\/04\/Logo_Imesch_Produkte.png?fit=871%2C456&ssl=1\",\"contentUrl\":\"https:\/\/i0.wp.com\/www.imesch-produkte.ch\/wordpress\/wp-content\/uploads\/2020\/04\/Logo_Imesch_Produkte.png?fit=871%2C456&ssl=1\",\"width\":871,\"height\":456,\"caption\":\"Imesch-Produkte GmbH\"},\"image\":{\"@id\":\"https:\/\/www.staging.imesch-produkte.ch\/#\/schema\/logo\/image\/\"}}]}<\/script>\n<!-- \/ Yoast SEO plugin. -->","yoast_head_json":{"title":"CLEAN and CLEVER Alkoholreiniger 10 Liter | Imesch Produkte","description":"CLEAN and CLEVER Alkoholreiniger 10 Liter jetzt kaufen. F\u00fcr die gr\u00fcndliche Reinigung von allen Oberfl\u00e4chen und Gegenst\u00e4nden.","robots":{"index":"noindex","follow":"follow","max-snippet":"max-snippet:-1","max-image-preview":"max-image-preview:large","max-video-preview":"max-video-preview:-1"},"og_locale":"de_DE","og_type":"article","og_title":"CLEAN and CLEVER Alkoholreiniger 10 Liter | Imesch Produkte","og_description":"CLEAN and CLEVER Alkoholreiniger 10 Liter jetzt kaufen. F\u00fcr die gr\u00fcndliche Reinigung von allen Oberfl\u00e4chen und Gegenst\u00e4nden.","og_url":"https:\/\/www.staging.imesch-produkte.ch\/?product=clean-and-clever-alkoholreiniger-10-liter","og_site_name":"Imesch Produkte","article_modified_time":"2024-09-20T09:31:54+00:00","og_image":[{"width":600,"height":429,"url":"https:\/\/www.staging.imesch-produkte.ch\/wp-content\/uploads\/2022\/06\/WEB_1637607_Alkoholreiniger.jpg","type":"image\/jpeg"}],"twitter_card":"summary_large_image","twitter_misc":{"Gesch\u00e4tzte Lesezeit":"1\u00a0Minute"},"schema":{"@context":"https:\/\/schema.org","@graph":[{"@type":"WebPage","@id":"https:\/\/www.staging.imesch-produkte.ch\/?product=clean-and-clever-alkoholreiniger-10-liter","url":"https:\/\/www.staging.imesch-produkte.ch\/?product=clean-and-clever-alkoholreiniger-10-liter","name":"CLEAN and CLEVER Alkoholreiniger 10 Liter | Imesch Produkte","isPartOf":{"@id":"https:\/\/www.staging.imesch-produkte.ch\/#website"},"primaryImageOfPage":{"@id":"https:\/\/www.staging.imesch-produkte.ch\/?product=clean-and-clever-alkoholreiniger-10-liter#primaryimage"},"image":{"@id":"https:\/\/www.staging.imesch-produkte.ch\/?product=clean-and-clever-alkoholreiniger-10-liter#primaryimage"},"thumbnailUrl":"https:\/\/www.staging.imesch-produkte.ch\/wp-content\/uploads\/2022\/06\/WEB_1637607_Alkoholreiniger.jpg","datePublished":"2022-06-24T11:50:20+00:00","dateModified":"2024-09-20T09:31:54+00:00","description":"CLEAN and CLEVER Alkoholreiniger 10 Liter jetzt kaufen. F\u00fcr die gr\u00fcndliche Reinigung von allen Oberfl\u00e4chen und Gegenst\u00e4nden.","breadcrumb":{"@id":"https:\/\/www.staging.imesch-produkte.ch\/?product=clean-and-clever-alkoholreiniger-10-liter#breadcrumb"},"inLanguage":"de","potentialAction":[{"@type":"ReadAction","target":["https:\/\/www.staging.imesch-produkte.ch\/?product=clean-and-clever-alkoholreiniger-10-liter"]}]},{"@type":"ImageObject","inLanguage":"de","@id":"https:\/\/www.staging.imesch-produkte.ch\/?product=clean-and-clever-alkoholreiniger-10-liter#primaryimage","url":"https:\/\/www.staging.imesch-produkte.ch\/wp-content\/uploads\/2022\/06\/WEB_1637607_Alkoholreiniger.jpg","contentUrl":"https:\/\/www.staging.imesch-produkte.ch\/wp-content\/uploads\/2022\/06\/WEB_1637607_Alkoholreiniger.jpg","width":600,"height":429,"caption":"Alkoholreiniger"},{"@type":"BreadcrumbList","@id":"https:\/\/www.staging.imesch-produkte.ch\/?product=clean-and-clever-alkoholreiniger-10-liter#breadcrumb","itemListElement":[{"@type":"ListItem","position":1,"name":"Startseite","item":"https:\/\/www.staging.imesch-produkte.ch\/"},{"@type":"ListItem","position":2,"name":"Shop","item":"https:\/\/www.staging.imesch-produkte.ch\/?page_id=401"},{"@type":"ListItem","position":3,"name":"CLEAN and CLEVER Alkoholreiniger 10 Liter"}]},{"@type":"WebSite","@id":"https:\/\/www.staging.imesch-produkte.ch\/#website","url":"https:\/\/www.staging.imesch-produkte.ch\/","name":"Imesch-Produkte","description":"Qualit\u00e4t verbindet Generationen","publisher":{"@id":"https:\/\/www.staging.imesch-produkte.ch\/#organization"},"potentialAction":[{"@type":"SearchAction","target":{"@type":"EntryPoint","urlTemplate":"https:\/\/www.staging.imesch-produkte.ch\/?s={search_term_string}"},"query-input":{"@type":"PropertyValueSpecification","valueRequired":true,"valueName":"search_term_string"}}],"inLanguage":"de"},{"@type":"Organization","@id":"https:\/\/www.staging.imesch-produkte.ch\/#organization","name":"Imesch-Produkte GmbH","url":"https:\/\/www.staging.imesch-produkte.ch\/","logo":{"@type":"ImageObject","inLanguage":"de","@id":"https:\/\/www.staging.imesch-produkte.ch\/#\/schema\/logo\/image\/","url":"https:\/\/i0.wp.com\/www.imesch-produkte.ch\/wordpress\/wp-content\/uploads\/2020\/04\/Logo_Imesch_Produkte.png?fit=871%2C456&ssl=1","contentUrl":"https:\/\/i0.wp.com\/www.imesch-produkte.ch\/wordpress\/wp-content\/uploads\/2020\/04\/Logo_Imesch_Produkte.png?fit=871%2C456&ssl=1","width":871,"height":456,"caption":"Imesch-Produkte GmbH"},"image":{"@id":"https:\/\/www.staging.imesch-produkte.ch\/#\/schema\/logo\/image\/"}}]}},"_links":{"self":[{"href":"https:\/\/www.staging.imesch-produkte.ch\/index.php?rest_route=\/wp\/v2\/product\/16687","targetHints":{"allow":["GET"]}}],"collection":[{"href":"https:\/\/www.staging.imesch-produkte.ch\/index.php?rest_route=\/wp\/v2\/product"}],"about":[{"href":"https:\/\/www.staging.imesch-produkte.ch\/index.php?rest_route=\/wp\/v2\/types\/product"}],"replies":[{"embeddable":true,"href":"https:\/\/www.staging.imesch-produkte.ch\/index.php?rest_route=%2Fwp%2Fv2%2Fcomments&post=16687"}],"version-history":[{"count":1,"href":"https:\/\/www.staging.imesch-produkte.ch\/index.php?rest_route=\/wp\/v2\/product\/16687\/revisions"}],"predecessor-version":[{"id":16691,"href":"https:\/\/www.staging.imesch-produkte.ch\/index.php?rest_route=\/wp\/v2\/product\/16687\/revisions\/16691"}],"wp:featuredmedia":[{"embeddable":true,"href":"https:\/\/www.staging.imesch-produkte.ch\/index.php?rest_route=\/wp\/v2\/media\/16688"}],"wp:attachment":[{"href":"https:\/\/www.staging.imesch-produkte.ch\/index.php?rest_route=%2Fwp%2Fv2%2Fmedia&parent=16687"}],"wp:term":[{"taxonomy":"product_cat","embeddable":true,"href":"https:\/\/www.staging.imesch-produkte.ch\/index.php?rest_route=%2Fwp%2Fv2%2Fproduct_cat&post=16687"},{"taxonomy":"product_tag","embeddable":true,"href":"https:\/\/www.staging.imesch-produkte.ch\/index.php?rest_route=%2Fwp%2Fv2%2Fproduct_tag&post=16687"}],"curies":[{"name":"wp","href":"https:\/\/api.w.org\/{rel}","templated":true}]}}