{"id":3259,"date":"2020-03-14T16:36:27","date_gmt":"2020-03-14T15:36:27","guid":{"rendered":"http:\/\/www.imesch-produkte.ch\/wordpress\/?post_type=product&#038;p=3259"},"modified":"2024-02-26T16:34:25","modified_gmt":"2024-02-26T15:34:25","slug":"putzkrepp-maxi-blau-100-zellstoff-3-lagig","status":"publish","type":"product","link":"https:\/\/www.staging.imesch-produkte.ch\/?product=putzkrepp-maxi-blau-100-zellstoff-3-lagig","title":{"rendered":"Putzkrepp Maxi, 100% Zellstoff, 3-lagig, blau, Pack \u00e0 2 Rollen"},"content":{"rendered":"<p>Die 3-lagige Maxi Papierrolle eignet sich durch seine robusten Eigenschaften vor allem f\u00fcr die Industrie, Gewerbe, Gastro und Dienstleistung. Das Putzkrepp wurde gepr\u00e4gt und lageverleimt. Eine Rolle weisst 180 Laufmeter auf mit 500 Blatt \u00e0 36 cm. Der Rollendurchmesser ist 27 cm und die Spiralh\u00fclse 70 mm. Das Putzkrepp ist auch im Palette erh\u00e4ltlich.<\/p>\n","protected":false},"excerpt":{"rendered":"<p>Die Papierrolle wurde gepr\u00e4gt und lagenverleimt. Eine Rolle verf\u00fcgt \u00fcber 500 Blatt \u00e0 36 cm.<br \/>\n180 Laufmeter<br \/>\nSpiralh\u00fclse 70 mm<br \/>\nRollendurchmesser 27 cm<\/p>\n<p>Preis f\u00fcr Palette \u00e0 36 Pack auf Anfrage<\/p>\n","protected":false},"featured_media":4544,"comment_status":"open","ping_status":"closed","template":"","meta":[],"product_cat":[840,843],"product_tag":[733,699],"class_list":{"0":"post-3259","1":"product","2":"type-product","3":"status-publish","4":"has-post-thumbnail","6":"product_cat-hygiene-tischpapiere","7":"product_cat-papierrollen-hygiene-tischpapiere","8":"product_tag-gastronomie","9":"product_tag-unternehmen","11":"first","12":"instock","13":"taxable","14":"shipping-taxable","15":"purchasable","16":"product-type-simple"},"yoast_head":"<!-- This site is optimized with the Yoast SEO plugin v23.9 - https:\/\/yoast.com\/wordpress\/plugins\/seo\/ -->\n<title>Putzkrepp Maxi, 100% Zellstoff, 3-lagig, blau, Pack \u00e0 2 Rollen | Imesch Produkte<\/title>\n<meta name=\"description\" content=\"Die 3-lagige Maxi Papierrolle eignet sich durch seine robusten Eigenschaften vor allem f\u00fcr die Industrie, Gewerbe, Gastro und Dienstleistung.\" \/>\n<meta name=\"robots\" content=\"noindex, follow, max-snippet:-1, max-image-preview:large, max-video-preview:-1\" \/>\n<meta property=\"og:locale\" content=\"de_DE\" \/>\n<meta property=\"og:type\" content=\"article\" \/>\n<meta property=\"og:title\" content=\"Putzkrepp Maxi, 100% Zellstoff, 3-lagig, blau, Pack \u00e0 2 Rollen | Imesch Produkte\" \/>\n<meta property=\"og:description\" content=\"Die 3-lagige Maxi Papierrolle eignet sich durch seine robusten Eigenschaften vor allem f\u00fcr die Industrie, Gewerbe, Gastro und Dienstleistung.\" \/>\n<meta property=\"og:url\" content=\"https:\/\/www.staging.imesch-produkte.ch\/?product=putzkrepp-maxi-blau-100-zellstoff-3-lagig\" \/>\n<meta property=\"og:site_name\" content=\"Imesch Produkte\" \/>\n<meta property=\"article:modified_time\" content=\"2024-02-26T15:34:25+00:00\" \/>\n<meta property=\"og:image\" content=\"https:\/\/www.staging.imesch-produkte.ch\/wp-content\/uploads\/2020\/03\/WEB_108340_Putzkrepp-1.png\" \/>\n\t<meta property=\"og:image:width\" content=\"500\" \/>\n\t<meta property=\"og:image:height\" content=\"500\" \/>\n\t<meta property=\"og:image:type\" content=\"image\/png\" \/>\n<meta name=\"twitter:card\" content=\"summary_large_image\" \/>\n<script type=\"application\/ld+json\" class=\"yoast-schema-graph\">{\"@context\":\"https:\/\/schema.org\",\"@graph\":[{\"@type\":\"WebPage\",\"@id\":\"https:\/\/www.staging.imesch-produkte.ch\/?product=putzkrepp-maxi-blau-100-zellstoff-3-lagig\",\"url\":\"https:\/\/www.staging.imesch-produkte.ch\/?product=putzkrepp-maxi-blau-100-zellstoff-3-lagig\",\"name\":\"Putzkrepp Maxi, 100% Zellstoff, 3-lagig, blau, Pack \u00e0 2 Rollen | Imesch Produkte\",\"isPartOf\":{\"@id\":\"https:\/\/www.staging.imesch-produkte.ch\/#website\"},\"primaryImageOfPage\":{\"@id\":\"https:\/\/www.staging.imesch-produkte.ch\/?product=putzkrepp-maxi-blau-100-zellstoff-3-lagig#primaryimage\"},\"image\":{\"@id\":\"https:\/\/www.staging.imesch-produkte.ch\/?product=putzkrepp-maxi-blau-100-zellstoff-3-lagig#primaryimage\"},\"thumbnailUrl\":\"https:\/\/www.staging.imesch-produkte.ch\/wp-content\/uploads\/2020\/03\/WEB_108340_Putzkrepp-1.png\",\"datePublished\":\"2020-03-14T15:36:27+00:00\",\"dateModified\":\"2024-02-26T15:34:25+00:00\",\"description\":\"Die 3-lagige Maxi Papierrolle eignet sich durch seine robusten Eigenschaften vor allem f\u00fcr die Industrie, Gewerbe, Gastro und Dienstleistung.\",\"breadcrumb\":{\"@id\":\"https:\/\/www.staging.imesch-produkte.ch\/?product=putzkrepp-maxi-blau-100-zellstoff-3-lagig#breadcrumb\"},\"inLanguage\":\"de\",\"potentialAction\":[{\"@type\":\"ReadAction\",\"target\":[\"https:\/\/www.staging.imesch-produkte.ch\/?product=putzkrepp-maxi-blau-100-zellstoff-3-lagig\"]}]},{\"@type\":\"ImageObject\",\"inLanguage\":\"de\",\"@id\":\"https:\/\/www.staging.imesch-produkte.ch\/?product=putzkrepp-maxi-blau-100-zellstoff-3-lagig#primaryimage\",\"url\":\"https:\/\/www.staging.imesch-produkte.ch\/wp-content\/uploads\/2020\/03\/WEB_108340_Putzkrepp-1.png\",\"contentUrl\":\"https:\/\/www.staging.imesch-produkte.ch\/wp-content\/uploads\/2020\/03\/WEB_108340_Putzkrepp-1.png\",\"width\":500,\"height\":500,\"caption\":\"Papierrolle, Maxi, 3-lagige\"},{\"@type\":\"BreadcrumbList\",\"@id\":\"https:\/\/www.staging.imesch-produkte.ch\/?product=putzkrepp-maxi-blau-100-zellstoff-3-lagig#breadcrumb\",\"itemListElement\":[{\"@type\":\"ListItem\",\"position\":1,\"name\":\"Startseite\",\"item\":\"https:\/\/www.staging.imesch-produkte.ch\/\"},{\"@type\":\"ListItem\",\"position\":2,\"name\":\"Shop\",\"item\":\"https:\/\/www.staging.imesch-produkte.ch\/?page_id=401\"},{\"@type\":\"ListItem\",\"position\":3,\"name\":\"Putzkrepp Maxi, 100% Zellstoff, 3-lagig, blau, Pack \u00e0 2 Rollen\"}]},{\"@type\":\"WebSite\",\"@id\":\"https:\/\/www.staging.imesch-produkte.ch\/#website\",\"url\":\"https:\/\/www.staging.imesch-produkte.ch\/\",\"name\":\"Imesch-Produkte\",\"description\":\"Qualit\u00e4t verbindet Generationen\",\"publisher\":{\"@id\":\"https:\/\/www.staging.imesch-produkte.ch\/#organization\"},\"potentialAction\":[{\"@type\":\"SearchAction\",\"target\":{\"@type\":\"EntryPoint\",\"urlTemplate\":\"https:\/\/www.staging.imesch-produkte.ch\/?s={search_term_string}\"},\"query-input\":{\"@type\":\"PropertyValueSpecification\",\"valueRequired\":true,\"valueName\":\"search_term_string\"}}],\"inLanguage\":\"de\"},{\"@type\":\"Organization\",\"@id\":\"https:\/\/www.staging.imesch-produkte.ch\/#organization\",\"name\":\"Imesch-Produkte GmbH\",\"url\":\"https:\/\/www.staging.imesch-produkte.ch\/\",\"logo\":{\"@type\":\"ImageObject\",\"inLanguage\":\"de\",\"@id\":\"https:\/\/www.staging.imesch-produkte.ch\/#\/schema\/logo\/image\/\",\"url\":\"https:\/\/i0.wp.com\/www.imesch-produkte.ch\/wordpress\/wp-content\/uploads\/2020\/04\/Logo_Imesch_Produkte.png?fit=871%2C456&ssl=1\",\"contentUrl\":\"https:\/\/i0.wp.com\/www.imesch-produkte.ch\/wordpress\/wp-content\/uploads\/2020\/04\/Logo_Imesch_Produkte.png?fit=871%2C456&ssl=1\",\"width\":871,\"height\":456,\"caption\":\"Imesch-Produkte GmbH\"},\"image\":{\"@id\":\"https:\/\/www.staging.imesch-produkte.ch\/#\/schema\/logo\/image\/\"}}]}<\/script>\n<!-- \/ Yoast SEO plugin. -->","yoast_head_json":{"title":"Putzkrepp Maxi, 100% Zellstoff, 3-lagig, blau, Pack \u00e0 2 Rollen | Imesch Produkte","description":"Die 3-lagige Maxi Papierrolle eignet sich durch seine robusten Eigenschaften vor allem f\u00fcr die Industrie, Gewerbe, Gastro und Dienstleistung.","robots":{"index":"noindex","follow":"follow","max-snippet":"max-snippet:-1","max-image-preview":"max-image-preview:large","max-video-preview":"max-video-preview:-1"},"og_locale":"de_DE","og_type":"article","og_title":"Putzkrepp Maxi, 100% Zellstoff, 3-lagig, blau, Pack \u00e0 2 Rollen | Imesch Produkte","og_description":"Die 3-lagige Maxi Papierrolle eignet sich durch seine robusten Eigenschaften vor allem f\u00fcr die Industrie, Gewerbe, Gastro und Dienstleistung.","og_url":"https:\/\/www.staging.imesch-produkte.ch\/?product=putzkrepp-maxi-blau-100-zellstoff-3-lagig","og_site_name":"Imesch Produkte","article_modified_time":"2024-02-26T15:34:25+00:00","og_image":[{"width":500,"height":500,"url":"https:\/\/www.staging.imesch-produkte.ch\/wp-content\/uploads\/2020\/03\/WEB_108340_Putzkrepp-1.png","type":"image\/png"}],"twitter_card":"summary_large_image","schema":{"@context":"https:\/\/schema.org","@graph":[{"@type":"WebPage","@id":"https:\/\/www.staging.imesch-produkte.ch\/?product=putzkrepp-maxi-blau-100-zellstoff-3-lagig","url":"https:\/\/www.staging.imesch-produkte.ch\/?product=putzkrepp-maxi-blau-100-zellstoff-3-lagig","name":"Putzkrepp Maxi, 100% Zellstoff, 3-lagig, blau, Pack \u00e0 2 Rollen | Imesch Produkte","isPartOf":{"@id":"https:\/\/www.staging.imesch-produkte.ch\/#website"},"primaryImageOfPage":{"@id":"https:\/\/www.staging.imesch-produkte.ch\/?product=putzkrepp-maxi-blau-100-zellstoff-3-lagig#primaryimage"},"image":{"@id":"https:\/\/www.staging.imesch-produkte.ch\/?product=putzkrepp-maxi-blau-100-zellstoff-3-lagig#primaryimage"},"thumbnailUrl":"https:\/\/www.staging.imesch-produkte.ch\/wp-content\/uploads\/2020\/03\/WEB_108340_Putzkrepp-1.png","datePublished":"2020-03-14T15:36:27+00:00","dateModified":"2024-02-26T15:34:25+00:00","description":"Die 3-lagige Maxi Papierrolle eignet sich durch seine robusten Eigenschaften vor allem f\u00fcr die Industrie, Gewerbe, Gastro und Dienstleistung.","breadcrumb":{"@id":"https:\/\/www.staging.imesch-produkte.ch\/?product=putzkrepp-maxi-blau-100-zellstoff-3-lagig#breadcrumb"},"inLanguage":"de","potentialAction":[{"@type":"ReadAction","target":["https:\/\/www.staging.imesch-produkte.ch\/?product=putzkrepp-maxi-blau-100-zellstoff-3-lagig"]}]},{"@type":"ImageObject","inLanguage":"de","@id":"https:\/\/www.staging.imesch-produkte.ch\/?product=putzkrepp-maxi-blau-100-zellstoff-3-lagig#primaryimage","url":"https:\/\/www.staging.imesch-produkte.ch\/wp-content\/uploads\/2020\/03\/WEB_108340_Putzkrepp-1.png","contentUrl":"https:\/\/www.staging.imesch-produkte.ch\/wp-content\/uploads\/2020\/03\/WEB_108340_Putzkrepp-1.png","width":500,"height":500,"caption":"Papierrolle, Maxi, 3-lagige"},{"@type":"BreadcrumbList","@id":"https:\/\/www.staging.imesch-produkte.ch\/?product=putzkrepp-maxi-blau-100-zellstoff-3-lagig#breadcrumb","itemListElement":[{"@type":"ListItem","position":1,"name":"Startseite","item":"https:\/\/www.staging.imesch-produkte.ch\/"},{"@type":"ListItem","position":2,"name":"Shop","item":"https:\/\/www.staging.imesch-produkte.ch\/?page_id=401"},{"@type":"ListItem","position":3,"name":"Putzkrepp Maxi, 100% Zellstoff, 3-lagig, blau, Pack \u00e0 2 Rollen"}]},{"@type":"WebSite","@id":"https:\/\/www.staging.imesch-produkte.ch\/#website","url":"https:\/\/www.staging.imesch-produkte.ch\/","name":"Imesch-Produkte","description":"Qualit\u00e4t verbindet Generationen","publisher":{"@id":"https:\/\/www.staging.imesch-produkte.ch\/#organization"},"potentialAction":[{"@type":"SearchAction","target":{"@type":"EntryPoint","urlTemplate":"https:\/\/www.staging.imesch-produkte.ch\/?s={search_term_string}"},"query-input":{"@type":"PropertyValueSpecification","valueRequired":true,"valueName":"search_term_string"}}],"inLanguage":"de"},{"@type":"Organization","@id":"https:\/\/www.staging.imesch-produkte.ch\/#organization","name":"Imesch-Produkte GmbH","url":"https:\/\/www.staging.imesch-produkte.ch\/","logo":{"@type":"ImageObject","inLanguage":"de","@id":"https:\/\/www.staging.imesch-produkte.ch\/#\/schema\/logo\/image\/","url":"https:\/\/i0.wp.com\/www.imesch-produkte.ch\/wordpress\/wp-content\/uploads\/2020\/04\/Logo_Imesch_Produkte.png?fit=871%2C456&ssl=1","contentUrl":"https:\/\/i0.wp.com\/www.imesch-produkte.ch\/wordpress\/wp-content\/uploads\/2020\/04\/Logo_Imesch_Produkte.png?fit=871%2C456&ssl=1","width":871,"height":456,"caption":"Imesch-Produkte GmbH"},"image":{"@id":"https:\/\/www.staging.imesch-produkte.ch\/#\/schema\/logo\/image\/"}}]}},"_links":{"self":[{"href":"https:\/\/www.staging.imesch-produkte.ch\/index.php?rest_route=\/wp\/v2\/product\/3259","targetHints":{"allow":["GET"]}}],"collection":[{"href":"https:\/\/www.staging.imesch-produkte.ch\/index.php?rest_route=\/wp\/v2\/product"}],"about":[{"href":"https:\/\/www.staging.imesch-produkte.ch\/index.php?rest_route=\/wp\/v2\/types\/product"}],"replies":[{"embeddable":true,"href":"https:\/\/www.staging.imesch-produkte.ch\/index.php?rest_route=%2Fwp%2Fv2%2Fcomments&post=3259"}],"version-history":[{"count":0,"href":"https:\/\/www.staging.imesch-produkte.ch\/index.php?rest_route=\/wp\/v2\/product\/3259\/revisions"}],"wp:featuredmedia":[{"embeddable":true,"href":"https:\/\/www.staging.imesch-produkte.ch\/index.php?rest_route=\/wp\/v2\/media\/4544"}],"wp:attachment":[{"href":"https:\/\/www.staging.imesch-produkte.ch\/index.php?rest_route=%2Fwp%2Fv2%2Fmedia&parent=3259"}],"wp:term":[{"taxonomy":"product_cat","embeddable":true,"href":"https:\/\/www.staging.imesch-produkte.ch\/index.php?rest_route=%2Fwp%2Fv2%2Fproduct_cat&post=3259"},{"taxonomy":"product_tag","embeddable":true,"href":"https:\/\/www.staging.imesch-produkte.ch\/index.php?rest_route=%2Fwp%2Fv2%2Fproduct_tag&post=3259"}],"curies":[{"name":"wp","href":"https:\/\/api.w.org\/{rel}","templated":true}]}}