{"id":3399,"date":"2020-03-26T15:41:47","date_gmt":"2020-03-26T14:41:47","guid":{"rendered":"http:\/\/www.imesch-produkte.ch\/wordpress\/?post_type=product&#038;p=3399"},"modified":"2024-02-26T16:34:26","modified_gmt":"2024-02-26T15:34:26","slug":"tork-advanced-h1-rollenhandtuch-blau-2-lagig","status":"publish","type":"product","link":"https:\/\/www.staging.imesch-produkte.ch\/?product=tork-advanced-h1-rollenhandtuch-blau-2-lagig","title":{"rendered":"Tork Advanced H1 Rollenhandtuch, 2-lagig, blau, Karton \u00e0 6 Rollen"},"content":{"rendered":"<p>Das 2-lagige Rollenhandtuch verspricht hohe Kapazit\u00e4t, einen geringen Papierverbrauch und einwandfreie Hygiene. Die Verpackung ist einfach zu entsorgen. Die hohe Kapazit\u00e4t erm\u00f6glicht eine geringere Wartung. Die Einzeltuchentnahme f\u00fchrt zu einem geringen Verbrauch und einwandfreier Hygiene. Das Blatt Design hinterl\u00e4sst einen bleibenden Eindruck.<\/p>\n<p>Das Rollenhandtuch ist mit dem System H1 kompatibel. Die Rollen sind weiss, gepr\u00e4gt und nicht bedruckt. Der Rollendurchmesser betr\u00e4gt 19 cm und der H\u00fclsendurchmesser 3.8 cm.<\/p>\n<p><a href=\"https:\/\/www.staging.imesch-produkte.ch\/wp-content\/uploads\/2020\/03\/Rollenhandtuch-2-lagig.png\"><img fetchpriority=\"high\" decoding=\"async\" class=\"alignnone wp-image-8244 size-full\" src=\"https:\/\/www.staging.imesch-produkte.ch\/wp-content\/uploads\/2020\/03\/Rollenhandtuch-2-lagig.png\" alt=\"\" width=\"1378\" height=\"382\" srcset=\"https:\/\/www.staging.imesch-produkte.ch\/wp-content\/uploads\/2020\/03\/Rollenhandtuch-2-lagig.png 1378w, https:\/\/www.staging.imesch-produkte.ch\/wp-content\/uploads\/2020\/03\/Rollenhandtuch-2-lagig-300x83.png 300w, https:\/\/www.staging.imesch-produkte.ch\/wp-content\/uploads\/2020\/03\/Rollenhandtuch-2-lagig-1024x284.png 1024w, https:\/\/www.staging.imesch-produkte.ch\/wp-content\/uploads\/2020\/03\/Rollenhandtuch-2-lagig-768x213.png 768w, https:\/\/www.staging.imesch-produkte.ch\/wp-content\/uploads\/2020\/03\/Rollenhandtuch-2-lagig-600x166.png 600w\" sizes=\"(max-width: 1378px) 100vw, 1378px\" \/><\/a><\/p>\n","protected":false},"excerpt":{"rendered":"<p>&#8211; Hohe Kapazit\u00e4t, Rolle \u00e0 150.0 m, weniger Wartung<br \/>\n&#8211; Einzeltuchentnahme: geringerer Verbrauch, einwandfreie Hygiene<br \/>\n&#8211; Blatt Design: f\u00fcr einen bleibenden Eindruck<br \/>\n&#8211; Tork Easy handling Verpackungen: einfach zu \u00f6ffnen, einfach zusammenzufalten, einfach zu entsorgen<\/p>\n<p>Preis f\u00fcr Palette \u00e0 28 Karton auf Anfrage<\/p>\n","protected":false},"featured_media":3400,"comment_status":"open","ping_status":"closed","template":"","meta":[],"product_cat":[840,843],"product_tag":[733,700,699],"class_list":{"0":"post-3399","1":"product","2":"type-product","3":"status-publish","4":"has-post-thumbnail","6":"product_cat-hygiene-tischpapiere","7":"product_cat-papierrollen-hygiene-tischpapiere","8":"product_tag-gastronomie","9":"product_tag-umwelt","10":"product_tag-unternehmen","12":"first","13":"instock","14":"taxable","15":"shipping-taxable","16":"purchasable","17":"product-type-simple"},"yoast_head":"<!-- This site is optimized with the Yoast SEO plugin v23.9 - https:\/\/yoast.com\/wordpress\/plugins\/seo\/ -->\n<title>Tork Advanced H1 Rollenhandtuch, 2-lagig, blau, Karton \u00e0 6 Rollen<\/title>\n<meta name=\"description\" content=\"Das 2-lagige Rollenhandtuch verspricht hohe Kapazit\u00e4t, einen geringen Papierverbrauch und einwandfreie Hygiene. Die Verpackung ist einfach zu entsorgen.\" \/>\n<meta name=\"robots\" content=\"noindex, follow, max-snippet:-1, max-image-preview:large, max-video-preview:-1\" \/>\n<meta property=\"og:locale\" content=\"de_DE\" \/>\n<meta property=\"og:type\" content=\"article\" \/>\n<meta property=\"og:title\" content=\"Tork Advanced H1 Rollenhandtuch, 2-lagig, blau, Karton \u00e0 6 Rollen\" \/>\n<meta property=\"og:description\" content=\"Das 2-lagige Rollenhandtuch verspricht hohe Kapazit\u00e4t, einen geringen Papierverbrauch und einwandfreie Hygiene. Die Verpackung ist einfach zu entsorgen.\" \/>\n<meta property=\"og:url\" content=\"https:\/\/www.staging.imesch-produkte.ch\/?product=tork-advanced-h1-rollenhandtuch-blau-2-lagig\" \/>\n<meta property=\"og:site_name\" content=\"Imesch Produkte\" \/>\n<meta property=\"article:modified_time\" content=\"2024-02-26T15:34:26+00:00\" \/>\n<meta property=\"og:image\" content=\"https:\/\/www.staging.imesch-produkte.ch\/wp-content\/uploads\/2020\/03\/WEB_2290068_Rollenhandtuch.jpg\" \/>\n\t<meta property=\"og:image:width\" content=\"750\" \/>\n\t<meta property=\"og:image:height\" content=\"750\" \/>\n\t<meta property=\"og:image:type\" content=\"image\/jpeg\" \/>\n<meta name=\"twitter:card\" content=\"summary_large_image\" \/>\n<meta name=\"twitter:label1\" content=\"Gesch\u00e4tzte Lesezeit\" \/>\n\t<meta name=\"twitter:data1\" content=\"1\u00a0Minute\" \/>\n<script type=\"application\/ld+json\" class=\"yoast-schema-graph\">{\"@context\":\"https:\/\/schema.org\",\"@graph\":[{\"@type\":\"WebPage\",\"@id\":\"https:\/\/www.staging.imesch-produkte.ch\/?product=tork-advanced-h1-rollenhandtuch-blau-2-lagig\",\"url\":\"https:\/\/www.staging.imesch-produkte.ch\/?product=tork-advanced-h1-rollenhandtuch-blau-2-lagig\",\"name\":\"Tork Advanced H1 Rollenhandtuch, 2-lagig, blau, Karton \u00e0 6 Rollen\",\"isPartOf\":{\"@id\":\"https:\/\/www.staging.imesch-produkte.ch\/#website\"},\"primaryImageOfPage\":{\"@id\":\"https:\/\/www.staging.imesch-produkte.ch\/?product=tork-advanced-h1-rollenhandtuch-blau-2-lagig#primaryimage\"},\"image\":{\"@id\":\"https:\/\/www.staging.imesch-produkte.ch\/?product=tork-advanced-h1-rollenhandtuch-blau-2-lagig#primaryimage\"},\"thumbnailUrl\":\"https:\/\/www.staging.imesch-produkte.ch\/wp-content\/uploads\/2020\/03\/WEB_2290068_Rollenhandtuch.jpg\",\"datePublished\":\"2020-03-26T14:41:47+00:00\",\"dateModified\":\"2024-02-26T15:34:26+00:00\",\"description\":\"Das 2-lagige Rollenhandtuch verspricht hohe Kapazit\u00e4t, einen geringen Papierverbrauch und einwandfreie Hygiene. Die Verpackung ist einfach zu entsorgen.\",\"breadcrumb\":{\"@id\":\"https:\/\/www.staging.imesch-produkte.ch\/?product=tork-advanced-h1-rollenhandtuch-blau-2-lagig#breadcrumb\"},\"inLanguage\":\"de\",\"potentialAction\":[{\"@type\":\"ReadAction\",\"target\":[\"https:\/\/www.staging.imesch-produkte.ch\/?product=tork-advanced-h1-rollenhandtuch-blau-2-lagig\"]}]},{\"@type\":\"ImageObject\",\"inLanguage\":\"de\",\"@id\":\"https:\/\/www.staging.imesch-produkte.ch\/?product=tork-advanced-h1-rollenhandtuch-blau-2-lagig#primaryimage\",\"url\":\"https:\/\/www.staging.imesch-produkte.ch\/wp-content\/uploads\/2020\/03\/WEB_2290068_Rollenhandtuch.jpg\",\"contentUrl\":\"https:\/\/www.staging.imesch-produkte.ch\/wp-content\/uploads\/2020\/03\/WEB_2290068_Rollenhandtuch.jpg\",\"width\":750,\"height\":750,\"caption\":\"Rollenhandtuch, 2-lagige, hohe Kapazit\u00e4t\"},{\"@type\":\"BreadcrumbList\",\"@id\":\"https:\/\/www.staging.imesch-produkte.ch\/?product=tork-advanced-h1-rollenhandtuch-blau-2-lagig#breadcrumb\",\"itemListElement\":[{\"@type\":\"ListItem\",\"position\":1,\"name\":\"Startseite\",\"item\":\"https:\/\/www.staging.imesch-produkte.ch\/\"},{\"@type\":\"ListItem\",\"position\":2,\"name\":\"Shop\",\"item\":\"https:\/\/www.staging.imesch-produkte.ch\/?page_id=401\"},{\"@type\":\"ListItem\",\"position\":3,\"name\":\"Tork Advanced H1 Rollenhandtuch, 2-lagig, blau, Karton \u00e0 6 Rollen\"}]},{\"@type\":\"WebSite\",\"@id\":\"https:\/\/www.staging.imesch-produkte.ch\/#website\",\"url\":\"https:\/\/www.staging.imesch-produkte.ch\/\",\"name\":\"Imesch-Produkte\",\"description\":\"Qualit\u00e4t verbindet Generationen\",\"publisher\":{\"@id\":\"https:\/\/www.staging.imesch-produkte.ch\/#organization\"},\"potentialAction\":[{\"@type\":\"SearchAction\",\"target\":{\"@type\":\"EntryPoint\",\"urlTemplate\":\"https:\/\/www.staging.imesch-produkte.ch\/?s={search_term_string}\"},\"query-input\":{\"@type\":\"PropertyValueSpecification\",\"valueRequired\":true,\"valueName\":\"search_term_string\"}}],\"inLanguage\":\"de\"},{\"@type\":\"Organization\",\"@id\":\"https:\/\/www.staging.imesch-produkte.ch\/#organization\",\"name\":\"Imesch-Produkte GmbH\",\"url\":\"https:\/\/www.staging.imesch-produkte.ch\/\",\"logo\":{\"@type\":\"ImageObject\",\"inLanguage\":\"de\",\"@id\":\"https:\/\/www.staging.imesch-produkte.ch\/#\/schema\/logo\/image\/\",\"url\":\"https:\/\/i0.wp.com\/www.imesch-produkte.ch\/wordpress\/wp-content\/uploads\/2020\/04\/Logo_Imesch_Produkte.png?fit=871%2C456&ssl=1\",\"contentUrl\":\"https:\/\/i0.wp.com\/www.imesch-produkte.ch\/wordpress\/wp-content\/uploads\/2020\/04\/Logo_Imesch_Produkte.png?fit=871%2C456&ssl=1\",\"width\":871,\"height\":456,\"caption\":\"Imesch-Produkte GmbH\"},\"image\":{\"@id\":\"https:\/\/www.staging.imesch-produkte.ch\/#\/schema\/logo\/image\/\"}}]}<\/script>\n<!-- \/ Yoast SEO plugin. -->","yoast_head_json":{"title":"Tork Advanced H1 Rollenhandtuch, 2-lagig, blau, Karton \u00e0 6 Rollen","description":"Das 2-lagige Rollenhandtuch verspricht hohe Kapazit\u00e4t, einen geringen Papierverbrauch und einwandfreie Hygiene. Die Verpackung ist einfach zu entsorgen.","robots":{"index":"noindex","follow":"follow","max-snippet":"max-snippet:-1","max-image-preview":"max-image-preview:large","max-video-preview":"max-video-preview:-1"},"og_locale":"de_DE","og_type":"article","og_title":"Tork Advanced H1 Rollenhandtuch, 2-lagig, blau, Karton \u00e0 6 Rollen","og_description":"Das 2-lagige Rollenhandtuch verspricht hohe Kapazit\u00e4t, einen geringen Papierverbrauch und einwandfreie Hygiene. Die Verpackung ist einfach zu entsorgen.","og_url":"https:\/\/www.staging.imesch-produkte.ch\/?product=tork-advanced-h1-rollenhandtuch-blau-2-lagig","og_site_name":"Imesch Produkte","article_modified_time":"2024-02-26T15:34:26+00:00","og_image":[{"width":750,"height":750,"url":"https:\/\/www.staging.imesch-produkte.ch\/wp-content\/uploads\/2020\/03\/WEB_2290068_Rollenhandtuch.jpg","type":"image\/jpeg"}],"twitter_card":"summary_large_image","twitter_misc":{"Gesch\u00e4tzte Lesezeit":"1\u00a0Minute"},"schema":{"@context":"https:\/\/schema.org","@graph":[{"@type":"WebPage","@id":"https:\/\/www.staging.imesch-produkte.ch\/?product=tork-advanced-h1-rollenhandtuch-blau-2-lagig","url":"https:\/\/www.staging.imesch-produkte.ch\/?product=tork-advanced-h1-rollenhandtuch-blau-2-lagig","name":"Tork Advanced H1 Rollenhandtuch, 2-lagig, blau, Karton \u00e0 6 Rollen","isPartOf":{"@id":"https:\/\/www.staging.imesch-produkte.ch\/#website"},"primaryImageOfPage":{"@id":"https:\/\/www.staging.imesch-produkte.ch\/?product=tork-advanced-h1-rollenhandtuch-blau-2-lagig#primaryimage"},"image":{"@id":"https:\/\/www.staging.imesch-produkte.ch\/?product=tork-advanced-h1-rollenhandtuch-blau-2-lagig#primaryimage"},"thumbnailUrl":"https:\/\/www.staging.imesch-produkte.ch\/wp-content\/uploads\/2020\/03\/WEB_2290068_Rollenhandtuch.jpg","datePublished":"2020-03-26T14:41:47+00:00","dateModified":"2024-02-26T15:34:26+00:00","description":"Das 2-lagige Rollenhandtuch verspricht hohe Kapazit\u00e4t, einen geringen Papierverbrauch und einwandfreie Hygiene. Die Verpackung ist einfach zu entsorgen.","breadcrumb":{"@id":"https:\/\/www.staging.imesch-produkte.ch\/?product=tork-advanced-h1-rollenhandtuch-blau-2-lagig#breadcrumb"},"inLanguage":"de","potentialAction":[{"@type":"ReadAction","target":["https:\/\/www.staging.imesch-produkte.ch\/?product=tork-advanced-h1-rollenhandtuch-blau-2-lagig"]}]},{"@type":"ImageObject","inLanguage":"de","@id":"https:\/\/www.staging.imesch-produkte.ch\/?product=tork-advanced-h1-rollenhandtuch-blau-2-lagig#primaryimage","url":"https:\/\/www.staging.imesch-produkte.ch\/wp-content\/uploads\/2020\/03\/WEB_2290068_Rollenhandtuch.jpg","contentUrl":"https:\/\/www.staging.imesch-produkte.ch\/wp-content\/uploads\/2020\/03\/WEB_2290068_Rollenhandtuch.jpg","width":750,"height":750,"caption":"Rollenhandtuch, 2-lagige, hohe Kapazit\u00e4t"},{"@type":"BreadcrumbList","@id":"https:\/\/www.staging.imesch-produkte.ch\/?product=tork-advanced-h1-rollenhandtuch-blau-2-lagig#breadcrumb","itemListElement":[{"@type":"ListItem","position":1,"name":"Startseite","item":"https:\/\/www.staging.imesch-produkte.ch\/"},{"@type":"ListItem","position":2,"name":"Shop","item":"https:\/\/www.staging.imesch-produkte.ch\/?page_id=401"},{"@type":"ListItem","position":3,"name":"Tork Advanced H1 Rollenhandtuch, 2-lagig, blau, Karton \u00e0 6 Rollen"}]},{"@type":"WebSite","@id":"https:\/\/www.staging.imesch-produkte.ch\/#website","url":"https:\/\/www.staging.imesch-produkte.ch\/","name":"Imesch-Produkte","description":"Qualit\u00e4t verbindet Generationen","publisher":{"@id":"https:\/\/www.staging.imesch-produkte.ch\/#organization"},"potentialAction":[{"@type":"SearchAction","target":{"@type":"EntryPoint","urlTemplate":"https:\/\/www.staging.imesch-produkte.ch\/?s={search_term_string}"},"query-input":{"@type":"PropertyValueSpecification","valueRequired":true,"valueName":"search_term_string"}}],"inLanguage":"de"},{"@type":"Organization","@id":"https:\/\/www.staging.imesch-produkte.ch\/#organization","name":"Imesch-Produkte GmbH","url":"https:\/\/www.staging.imesch-produkte.ch\/","logo":{"@type":"ImageObject","inLanguage":"de","@id":"https:\/\/www.staging.imesch-produkte.ch\/#\/schema\/logo\/image\/","url":"https:\/\/i0.wp.com\/www.imesch-produkte.ch\/wordpress\/wp-content\/uploads\/2020\/04\/Logo_Imesch_Produkte.png?fit=871%2C456&ssl=1","contentUrl":"https:\/\/i0.wp.com\/www.imesch-produkte.ch\/wordpress\/wp-content\/uploads\/2020\/04\/Logo_Imesch_Produkte.png?fit=871%2C456&ssl=1","width":871,"height":456,"caption":"Imesch-Produkte GmbH"},"image":{"@id":"https:\/\/www.staging.imesch-produkte.ch\/#\/schema\/logo\/image\/"}}]}},"_links":{"self":[{"href":"https:\/\/www.staging.imesch-produkte.ch\/index.php?rest_route=\/wp\/v2\/product\/3399","targetHints":{"allow":["GET"]}}],"collection":[{"href":"https:\/\/www.staging.imesch-produkte.ch\/index.php?rest_route=\/wp\/v2\/product"}],"about":[{"href":"https:\/\/www.staging.imesch-produkte.ch\/index.php?rest_route=\/wp\/v2\/types\/product"}],"replies":[{"embeddable":true,"href":"https:\/\/www.staging.imesch-produkte.ch\/index.php?rest_route=%2Fwp%2Fv2%2Fcomments&post=3399"}],"version-history":[{"count":1,"href":"https:\/\/www.staging.imesch-produkte.ch\/index.php?rest_route=\/wp\/v2\/product\/3399\/revisions"}],"predecessor-version":[{"id":16103,"href":"https:\/\/www.staging.imesch-produkte.ch\/index.php?rest_route=\/wp\/v2\/product\/3399\/revisions\/16103"}],"wp:featuredmedia":[{"embeddable":true,"href":"https:\/\/www.staging.imesch-produkte.ch\/index.php?rest_route=\/wp\/v2\/media\/3400"}],"wp:attachment":[{"href":"https:\/\/www.staging.imesch-produkte.ch\/index.php?rest_route=%2Fwp%2Fv2%2Fmedia&parent=3399"}],"wp:term":[{"taxonomy":"product_cat","embeddable":true,"href":"https:\/\/www.staging.imesch-produkte.ch\/index.php?rest_route=%2Fwp%2Fv2%2Fproduct_cat&post=3399"},{"taxonomy":"product_tag","embeddable":true,"href":"https:\/\/www.staging.imesch-produkte.ch\/index.php?rest_route=%2Fwp%2Fv2%2Fproduct_tag&post=3399"}],"curies":[{"name":"wp","href":"https:\/\/api.w.org\/{rel}","templated":true}]}}