{"id":7314,"date":"2020-06-05T16:28:23","date_gmt":"2020-06-05T14:28:23","guid":{"rendered":"https:\/\/www.imesch-produkte.ch\/?post_type=product&#038;p=7314"},"modified":"2024-02-26T16:35:13","modified_gmt":"2024-02-26T15:35:13","slug":"fleckenradierer-premium","status":"publish","type":"product","link":"https:\/\/www.staging.imesch-produkte.ch\/?product=fleckenradierer-premium","title":{"rendered":"Fleckenradierer Premium, Pack \u00e0 10 Stk."},"content":{"rendered":"<h1>Fleckenradierer Premium<\/h1>\n<p>Der Fleckenradierer Premium im 10er-Pack ist die perfekte L\u00f6sung f\u00fcr die Entfernung hartn\u00e4ckiger Flecken von jeder Oberfl\u00e4che. Mit seiner einzigartigen Kombination aus einer speziellen Mischung aus Polymeren, Wachsen und Harzen entfernt dieses Produkt selbst die hartn\u00e4ckigsten Flecken. Ganz ohne die Oberfl\u00e4che zu besch\u00e4digen. Er ist sicher f\u00fcr die Verwendung auf Sofas, Teppichen, Polsterstoffen und sogar Kleidung.<\/p>\n<p>Er ist einfach in der Anwendung: Einfach direkt auf die verschmutzte Stelle auftragen und sanft reiben, bis der Fleck verschwunden ist. Es ist kein hartes Schrubben oder chemische Mittel erforderlich, was das Produkt perfekt f\u00fcr alle macht, die eine schnelle und einfache L\u00f6sung f\u00fcr ihr Fleckenproblem suchen.<\/p>\n","protected":false},"excerpt":{"rendered":"<p>Fleckenradierer weisses Melaminharz aus Basotec mit Material von BASF zur Entfernung hartn\u00e4ckiger Flecken. Es ist perfekt f\u00fcr Oberfl\u00e4chen wie K\u00fcchenarbeitsplatten, M\u00f6bel und mehr. Seine spezielle Formulierung hilft, Schmutz, Fett und andere Verunreinigungen im Handumdrehen von der Oberfl\u00e4che zu entfernen und hinterl\u00e4sst ein sauberes Finish.<\/p>\n","protected":false},"featured_media":7355,"comment_status":"open","ping_status":"closed","template":"","meta":[],"product_cat":[847,848],"product_tag":[825,733,94,699],"class_list":{"0":"post-7314","1":"product","2":"type-product","3":"status-publish","4":"has-post-thumbnail","6":"product_cat-reinigung","7":"product_cat-reinigungsmittel-reinigung","8":"product_tag-fruehlingsputz","9":"product_tag-gastronomie","10":"product_tag-haushalt","11":"product_tag-unternehmen","13":"first","14":"instock","15":"taxable","16":"shipping-taxable","17":"purchasable","18":"product-type-simple"},"yoast_head":"<!-- This site is optimized with the Yoast SEO plugin v23.9 - https:\/\/yoast.com\/wordpress\/plugins\/seo\/ -->\n<title>Fleckenradierer Premium, Pack \u00e0 10 Stk. | Imesch Produkte<\/title>\n<meta name=\"description\" content=\"Der Fleckenradierer Premium entfernt effektiv Flecken, ohne das Material zu besch\u00e4digen oder unangenehme R\u00fcckst\u00e4nde zu hinterlassen.\" \/>\n<meta name=\"robots\" content=\"noindex, follow, max-snippet:-1, max-image-preview:large, max-video-preview:-1\" \/>\n<meta property=\"og:locale\" content=\"de_DE\" \/>\n<meta property=\"og:type\" content=\"article\" \/>\n<meta property=\"og:title\" content=\"Fleckenradierer Premium, Pack \u00e0 10 Stk. | Imesch Produkte\" \/>\n<meta property=\"og:description\" content=\"Der Fleckenradierer Premium entfernt effektiv Flecken, ohne das Material zu besch\u00e4digen oder unangenehme R\u00fcckst\u00e4nde zu hinterlassen.\" \/>\n<meta property=\"og:url\" content=\"https:\/\/www.staging.imesch-produkte.ch\/?product=fleckenradierer-premium\" \/>\n<meta property=\"og:site_name\" content=\"Imesch Produkte\" \/>\n<meta property=\"article:modified_time\" content=\"2024-02-26T15:35:13+00:00\" \/>\n<meta property=\"og:image\" content=\"https:\/\/www.staging.imesch-produkte.ch\/wp-content\/uploads\/2020\/05\/WEB_894034.10-Fleckenradierer-gross_NA-Kopie-1.jpg\" \/>\n\t<meta property=\"og:image:width\" content=\"500\" \/>\n\t<meta property=\"og:image:height\" content=\"500\" \/>\n\t<meta property=\"og:image:type\" content=\"image\/jpeg\" \/>\n<meta name=\"twitter:card\" content=\"summary_large_image\" \/>\n<meta name=\"twitter:label1\" content=\"Gesch\u00e4tzte Lesezeit\" \/>\n\t<meta name=\"twitter:data1\" content=\"1\u00a0Minute\" \/>\n<script type=\"application\/ld+json\" class=\"yoast-schema-graph\">{\"@context\":\"https:\/\/schema.org\",\"@graph\":[{\"@type\":\"WebPage\",\"@id\":\"https:\/\/www.staging.imesch-produkte.ch\/?product=fleckenradierer-premium\",\"url\":\"https:\/\/www.staging.imesch-produkte.ch\/?product=fleckenradierer-premium\",\"name\":\"Fleckenradierer Premium, Pack \u00e0 10 Stk. | Imesch Produkte\",\"isPartOf\":{\"@id\":\"https:\/\/www.staging.imesch-produkte.ch\/#website\"},\"primaryImageOfPage\":{\"@id\":\"https:\/\/www.staging.imesch-produkte.ch\/?product=fleckenradierer-premium#primaryimage\"},\"image\":{\"@id\":\"https:\/\/www.staging.imesch-produkte.ch\/?product=fleckenradierer-premium#primaryimage\"},\"thumbnailUrl\":\"https:\/\/www.staging.imesch-produkte.ch\/wp-content\/uploads\/2020\/05\/WEB_894034.10-Fleckenradierer-gross_NA-Kopie-1.jpg\",\"datePublished\":\"2020-06-05T14:28:23+00:00\",\"dateModified\":\"2024-02-26T15:35:13+00:00\",\"description\":\"Der Fleckenradierer Premium entfernt effektiv Flecken, ohne das Material zu besch\u00e4digen oder unangenehme R\u00fcckst\u00e4nde zu hinterlassen.\",\"breadcrumb\":{\"@id\":\"https:\/\/www.staging.imesch-produkte.ch\/?product=fleckenradierer-premium#breadcrumb\"},\"inLanguage\":\"de\",\"potentialAction\":[{\"@type\":\"ReadAction\",\"target\":[\"https:\/\/www.staging.imesch-produkte.ch\/?product=fleckenradierer-premium\"]}]},{\"@type\":\"ImageObject\",\"inLanguage\":\"de\",\"@id\":\"https:\/\/www.staging.imesch-produkte.ch\/?product=fleckenradierer-premium#primaryimage\",\"url\":\"https:\/\/www.staging.imesch-produkte.ch\/wp-content\/uploads\/2020\/05\/WEB_894034.10-Fleckenradierer-gross_NA-Kopie-1.jpg\",\"contentUrl\":\"https:\/\/www.staging.imesch-produkte.ch\/wp-content\/uploads\/2020\/05\/WEB_894034.10-Fleckenradierer-gross_NA-Kopie-1.jpg\",\"width\":500,\"height\":500,\"caption\":\"Fleckenradierer\"},{\"@type\":\"BreadcrumbList\",\"@id\":\"https:\/\/www.staging.imesch-produkte.ch\/?product=fleckenradierer-premium#breadcrumb\",\"itemListElement\":[{\"@type\":\"ListItem\",\"position\":1,\"name\":\"Startseite\",\"item\":\"https:\/\/www.staging.imesch-produkte.ch\/\"},{\"@type\":\"ListItem\",\"position\":2,\"name\":\"Shop\",\"item\":\"https:\/\/www.staging.imesch-produkte.ch\/?page_id=401\"},{\"@type\":\"ListItem\",\"position\":3,\"name\":\"Fleckenradierer Premium, Pack \u00e0 10 Stk.\"}]},{\"@type\":\"WebSite\",\"@id\":\"https:\/\/www.staging.imesch-produkte.ch\/#website\",\"url\":\"https:\/\/www.staging.imesch-produkte.ch\/\",\"name\":\"Imesch-Produkte\",\"description\":\"Qualit\u00e4t verbindet Generationen\",\"publisher\":{\"@id\":\"https:\/\/www.staging.imesch-produkte.ch\/#organization\"},\"potentialAction\":[{\"@type\":\"SearchAction\",\"target\":{\"@type\":\"EntryPoint\",\"urlTemplate\":\"https:\/\/www.staging.imesch-produkte.ch\/?s={search_term_string}\"},\"query-input\":{\"@type\":\"PropertyValueSpecification\",\"valueRequired\":true,\"valueName\":\"search_term_string\"}}],\"inLanguage\":\"de\"},{\"@type\":\"Organization\",\"@id\":\"https:\/\/www.staging.imesch-produkte.ch\/#organization\",\"name\":\"Imesch-Produkte GmbH\",\"url\":\"https:\/\/www.staging.imesch-produkte.ch\/\",\"logo\":{\"@type\":\"ImageObject\",\"inLanguage\":\"de\",\"@id\":\"https:\/\/www.staging.imesch-produkte.ch\/#\/schema\/logo\/image\/\",\"url\":\"https:\/\/i0.wp.com\/www.imesch-produkte.ch\/wordpress\/wp-content\/uploads\/2020\/04\/Logo_Imesch_Produkte.png?fit=871%2C456&ssl=1\",\"contentUrl\":\"https:\/\/i0.wp.com\/www.imesch-produkte.ch\/wordpress\/wp-content\/uploads\/2020\/04\/Logo_Imesch_Produkte.png?fit=871%2C456&ssl=1\",\"width\":871,\"height\":456,\"caption\":\"Imesch-Produkte GmbH\"},\"image\":{\"@id\":\"https:\/\/www.staging.imesch-produkte.ch\/#\/schema\/logo\/image\/\"}}]}<\/script>\n<!-- \/ Yoast SEO plugin. -->","yoast_head_json":{"title":"Fleckenradierer Premium, Pack \u00e0 10 Stk. | Imesch Produkte","description":"Der Fleckenradierer Premium entfernt effektiv Flecken, ohne das Material zu besch\u00e4digen oder unangenehme R\u00fcckst\u00e4nde zu hinterlassen.","robots":{"index":"noindex","follow":"follow","max-snippet":"max-snippet:-1","max-image-preview":"max-image-preview:large","max-video-preview":"max-video-preview:-1"},"og_locale":"de_DE","og_type":"article","og_title":"Fleckenradierer Premium, Pack \u00e0 10 Stk. | Imesch Produkte","og_description":"Der Fleckenradierer Premium entfernt effektiv Flecken, ohne das Material zu besch\u00e4digen oder unangenehme R\u00fcckst\u00e4nde zu hinterlassen.","og_url":"https:\/\/www.staging.imesch-produkte.ch\/?product=fleckenradierer-premium","og_site_name":"Imesch Produkte","article_modified_time":"2024-02-26T15:35:13+00:00","og_image":[{"width":500,"height":500,"url":"https:\/\/www.staging.imesch-produkte.ch\/wp-content\/uploads\/2020\/05\/WEB_894034.10-Fleckenradierer-gross_NA-Kopie-1.jpg","type":"image\/jpeg"}],"twitter_card":"summary_large_image","twitter_misc":{"Gesch\u00e4tzte Lesezeit":"1\u00a0Minute"},"schema":{"@context":"https:\/\/schema.org","@graph":[{"@type":"WebPage","@id":"https:\/\/www.staging.imesch-produkte.ch\/?product=fleckenradierer-premium","url":"https:\/\/www.staging.imesch-produkte.ch\/?product=fleckenradierer-premium","name":"Fleckenradierer Premium, Pack \u00e0 10 Stk. | Imesch Produkte","isPartOf":{"@id":"https:\/\/www.staging.imesch-produkte.ch\/#website"},"primaryImageOfPage":{"@id":"https:\/\/www.staging.imesch-produkte.ch\/?product=fleckenradierer-premium#primaryimage"},"image":{"@id":"https:\/\/www.staging.imesch-produkte.ch\/?product=fleckenradierer-premium#primaryimage"},"thumbnailUrl":"https:\/\/www.staging.imesch-produkte.ch\/wp-content\/uploads\/2020\/05\/WEB_894034.10-Fleckenradierer-gross_NA-Kopie-1.jpg","datePublished":"2020-06-05T14:28:23+00:00","dateModified":"2024-02-26T15:35:13+00:00","description":"Der Fleckenradierer Premium entfernt effektiv Flecken, ohne das Material zu besch\u00e4digen oder unangenehme R\u00fcckst\u00e4nde zu hinterlassen.","breadcrumb":{"@id":"https:\/\/www.staging.imesch-produkte.ch\/?product=fleckenradierer-premium#breadcrumb"},"inLanguage":"de","potentialAction":[{"@type":"ReadAction","target":["https:\/\/www.staging.imesch-produkte.ch\/?product=fleckenradierer-premium"]}]},{"@type":"ImageObject","inLanguage":"de","@id":"https:\/\/www.staging.imesch-produkte.ch\/?product=fleckenradierer-premium#primaryimage","url":"https:\/\/www.staging.imesch-produkte.ch\/wp-content\/uploads\/2020\/05\/WEB_894034.10-Fleckenradierer-gross_NA-Kopie-1.jpg","contentUrl":"https:\/\/www.staging.imesch-produkte.ch\/wp-content\/uploads\/2020\/05\/WEB_894034.10-Fleckenradierer-gross_NA-Kopie-1.jpg","width":500,"height":500,"caption":"Fleckenradierer"},{"@type":"BreadcrumbList","@id":"https:\/\/www.staging.imesch-produkte.ch\/?product=fleckenradierer-premium#breadcrumb","itemListElement":[{"@type":"ListItem","position":1,"name":"Startseite","item":"https:\/\/www.staging.imesch-produkte.ch\/"},{"@type":"ListItem","position":2,"name":"Shop","item":"https:\/\/www.staging.imesch-produkte.ch\/?page_id=401"},{"@type":"ListItem","position":3,"name":"Fleckenradierer Premium, Pack \u00e0 10 Stk."}]},{"@type":"WebSite","@id":"https:\/\/www.staging.imesch-produkte.ch\/#website","url":"https:\/\/www.staging.imesch-produkte.ch\/","name":"Imesch-Produkte","description":"Qualit\u00e4t verbindet Generationen","publisher":{"@id":"https:\/\/www.staging.imesch-produkte.ch\/#organization"},"potentialAction":[{"@type":"SearchAction","target":{"@type":"EntryPoint","urlTemplate":"https:\/\/www.staging.imesch-produkte.ch\/?s={search_term_string}"},"query-input":{"@type":"PropertyValueSpecification","valueRequired":true,"valueName":"search_term_string"}}],"inLanguage":"de"},{"@type":"Organization","@id":"https:\/\/www.staging.imesch-produkte.ch\/#organization","name":"Imesch-Produkte GmbH","url":"https:\/\/www.staging.imesch-produkte.ch\/","logo":{"@type":"ImageObject","inLanguage":"de","@id":"https:\/\/www.staging.imesch-produkte.ch\/#\/schema\/logo\/image\/","url":"https:\/\/i0.wp.com\/www.imesch-produkte.ch\/wordpress\/wp-content\/uploads\/2020\/04\/Logo_Imesch_Produkte.png?fit=871%2C456&ssl=1","contentUrl":"https:\/\/i0.wp.com\/www.imesch-produkte.ch\/wordpress\/wp-content\/uploads\/2020\/04\/Logo_Imesch_Produkte.png?fit=871%2C456&ssl=1","width":871,"height":456,"caption":"Imesch-Produkte GmbH"},"image":{"@id":"https:\/\/www.staging.imesch-produkte.ch\/#\/schema\/logo\/image\/"}}]}},"_links":{"self":[{"href":"https:\/\/www.staging.imesch-produkte.ch\/index.php?rest_route=\/wp\/v2\/product\/7314","targetHints":{"allow":["GET"]}}],"collection":[{"href":"https:\/\/www.staging.imesch-produkte.ch\/index.php?rest_route=\/wp\/v2\/product"}],"about":[{"href":"https:\/\/www.staging.imesch-produkte.ch\/index.php?rest_route=\/wp\/v2\/types\/product"}],"replies":[{"embeddable":true,"href":"https:\/\/www.staging.imesch-produkte.ch\/index.php?rest_route=%2Fwp%2Fv2%2Fcomments&post=7314"}],"version-history":[{"count":2,"href":"https:\/\/www.staging.imesch-produkte.ch\/index.php?rest_route=\/wp\/v2\/product\/7314\/revisions"}],"predecessor-version":[{"id":17627,"href":"https:\/\/www.staging.imesch-produkte.ch\/index.php?rest_route=\/wp\/v2\/product\/7314\/revisions\/17627"}],"wp:featuredmedia":[{"embeddable":true,"href":"https:\/\/www.staging.imesch-produkte.ch\/index.php?rest_route=\/wp\/v2\/media\/7355"}],"wp:attachment":[{"href":"https:\/\/www.staging.imesch-produkte.ch\/index.php?rest_route=%2Fwp%2Fv2%2Fmedia&parent=7314"}],"wp:term":[{"taxonomy":"product_cat","embeddable":true,"href":"https:\/\/www.staging.imesch-produkte.ch\/index.php?rest_route=%2Fwp%2Fv2%2Fproduct_cat&post=7314"},{"taxonomy":"product_tag","embeddable":true,"href":"https:\/\/www.staging.imesch-produkte.ch\/index.php?rest_route=%2Fwp%2Fv2%2Fproduct_tag&post=7314"}],"curies":[{"name":"wp","href":"https:\/\/api.w.org\/{rel}","templated":true}]}}