{"id":7604,"date":"2020-06-12T10:51:48","date_gmt":"2020-06-12T08:51:48","guid":{"rendered":"https:\/\/www.imesch-produkte.ch\/?post_type=product&#038;p=7604"},"modified":"2024-02-26T16:35:18","modified_gmt":"2024-02-26T15:35:18","slug":"fensterabzieher-bionic-soft","status":"publish","type":"product","link":"https:\/\/www.staging.imesch-produkte.ch\/?product=fensterabzieher-bionic-soft","title":{"rendered":"Fensterabzieher Bionic, soft"},"content":{"rendered":"<div class=\"w-full border-b border-black\/10 dark:border-gray-900\/50 text-gray-800 dark:text-gray-100 group bg-gray-50 dark:bg-[#444654]\">\n<div class=\"text-base gap-4 md:gap-6 m-auto md:max-w-2xl lg:max-w-2xl xl:max-w-3xl p-4 md:py-6 flex lg:px-0\">\n<div class=\"relative flex w-[calc(100%-50px)] md:flex-col lg:w-[calc(100%-115px)]\">\n<div class=\"flex flex-grow flex-col gap-3\">\n<div class=\"min-h-[20px] flex flex-col items-start gap-4 whitespace-pre-wrap\">\n<div class=\"markdown prose w-full break-words dark:prose-invert light\">\n<h1>Fensterabzieher Bionic, soft<\/h1>\n<div class=\"w-full border-b border-black\/10 dark:border-gray-900\/50 text-gray-800 dark:text-gray-100 group bg-gray-50 dark:bg-[#444654]\">\n<div class=\"text-base gap-4 md:gap-6 m-auto md:max-w-2xl lg:max-w-2xl xl:max-w-3xl p-4 md:py-6 flex lg:px-0\">\n<div class=\"relative flex w-[calc(100%-50px)] md:flex-col lg:w-[calc(100%-115px)]\">\n<div class=\"flex flex-grow flex-col gap-3\">\n<div class=\"min-h-[20px] flex flex-col items-start gap-4 whitespace-pre-wrap\">\n<div class=\"markdown prose w-full break-words dark:prose-invert light\">\n<p>Der Fensterabzieher Bionic ist ein innovatives und hochwertiges Reinigungswerkzeug, das speziell f\u00fcr die schnelle und einfache Reinigung von Fenstern entwickelt wurde. Der ergonomische BI-Komponentengriff erm\u00f6glicht eine bequeme und sichere Handhabung, w\u00e4hrend die Gummi- und Edelstahl-Schiene f\u00fcr eine gr\u00fcndliche Reinigung sorgen.<\/p>\n<p>Er ist besonders soft und flexibel, was das Reinigen von Ecken und Kanten erleichtert. Durch die spezielle Gummibeschichtung l\u00e4sst sich Schmutz und Staub besonders leicht entfernen, ohne dabei die Fensterscheibe zu besch\u00e4digen.<\/p>\n<p>Der Edelstahl-Schiene sorgt daf\u00fcr, dass auch hartn\u00e4ckiger Schmutz und Wasserflecken entfernt werden k\u00f6nnen. Der Abzieher ist auch f\u00fcr die Reinigung von Duschkabinen, Spiegeln und anderen glatten Oberfl\u00e4chen geeignet.<\/p>\n<p>Auch in Bezug auf die Hygiene ist er eine gute Wahl. Der Griff ist aus leicht zu reinigendem Material gefertigt und die Schiene ist abnehmbar und kann in der Sp\u00fclmaschine gereinigt werden.<\/p>\n<p>Insgesamt ist der Bionic Fensterabzieher eine ideale Wahl f\u00fcr jeden, der schnell und einfach seine Fenster sauber halten m\u00f6chte. Durch seine ergonomische Form, die Flexibilit\u00e4t und die hochwertigen Materialien, erm\u00f6glicht er eine gr\u00fcndliche Reinigung ohne grossen Aufwand.<\/p>\n<\/div>\n<\/div>\n<\/div>\n<\/div>\n<\/div>\n<\/div>\n<\/div>\n<\/div>\n<\/div>\n<div class=\"text-gray-400 flex self-end lg:self-center justify-center mt-2 gap-4 lg:gap-1 lg:absolute lg:top-0 lg:translate-x-full lg:right-0 lg:mt-0 lg:pl-2 visible\"><\/div>\n<\/div>\n<\/div>\n<\/div>\n","protected":false},"excerpt":{"rendered":"<div class=\"w-full border-b border-black\/10 dark:border-gray-900\/50 text-gray-800 dark:text-gray-100 group bg-gray-50 dark:bg-[#444654]\">\n<div class=\"text-base gap-4 md:gap-6 m-auto md:max-w-2xl lg:max-w-2xl xl:max-w-3xl p-4 md:py-6 flex lg:px-0\">\n<div class=\"relative flex w-[calc(100%-50px)] md:flex-col lg:w-[calc(100%-115px)]\">\n<div class=\"flex flex-grow flex-col gap-3\">\n<div class=\"min-h-[20px] flex flex-col items-start gap-4 whitespace-pre-wrap\">\n<div class=\"markdown prose w-full break-words dark:prose-invert light\">\n<p>Der Fensterabzieher Bionic ist ein hochwertiges Reinigungswerkzeug mit ergonomischem BI-Komponentengriff, flexibler Gummi- und Edelstahl-Schiene f\u00fcr gr\u00fcndliches Reinigen von Fenstern. Einfache und bequeme Handhabung.<\/p>\n<\/div>\n<\/div>\n<\/div>\n<\/div>\n<\/div>\n<\/div>\n<p>&nbsp;<\/p>\n","protected":false},"featured_media":7602,"comment_status":"open","ping_status":"closed","template":"","meta":[],"product_cat":[847,849],"product_tag":[98,825,733,94,699],"class_list":{"0":"post-7604","1":"product","2":"type-product","3":"status-publish","4":"has-post-thumbnail","6":"product_cat-reinigung","7":"product_cat-reinigungsutensilien-reinigung","8":"product_tag-fest","9":"product_tag-fruehlingsputz","10":"product_tag-gastronomie","11":"product_tag-haushalt","12":"product_tag-unternehmen","13":"pa_groesse-25-cm","14":"pa_groesse-35-cm","15":"pa_groesse-45-cm","16":"pa_groesse-55-cm","18":"first","19":"instock","20":"taxable","21":"shipping-taxable","22":"purchasable","23":"product-type-variable"},"yoast_head":"<!-- This site is optimized with the Yoast SEO plugin v23.9 - https:\/\/yoast.com\/wordpress\/plugins\/seo\/ -->\n<title>Fensterabzieher Bionic, soft | Imesch Produkte<\/title>\n<meta name=\"description\" content=\"Fensterabzieher Bionic: Ergonomisch, flexibel &amp; gr\u00fcndlich dank BI-Griff, Gummi &amp; Edelstahl-Schiene. Jetzt online bestellen.\" \/>\n<meta name=\"robots\" content=\"noindex, follow, max-snippet:-1, max-image-preview:large, max-video-preview:-1\" \/>\n<meta property=\"og:locale\" content=\"de_DE\" \/>\n<meta property=\"og:type\" content=\"article\" \/>\n<meta property=\"og:title\" content=\"Fensterabzieher Bionic, soft | Imesch Produkte\" \/>\n<meta property=\"og:description\" content=\"Fensterabzieher Bionic: Ergonomisch, flexibel &amp; gr\u00fcndlich dank BI-Griff, Gummi &amp; Edelstahl-Schiene. Jetzt online bestellen.\" \/>\n<meta property=\"og:url\" content=\"https:\/\/www.staging.imesch-produkte.ch\/?product=fensterabzieher-bionic-soft\" \/>\n<meta property=\"og:site_name\" content=\"Imesch Produkte\" \/>\n<meta property=\"article:modified_time\" content=\"2024-02-26T15:35:18+00:00\" \/>\n<meta property=\"og:image\" content=\"https:\/\/www.staging.imesch-produkte.ch\/wp-content\/uploads\/2020\/06\/WEB_854-10505-06-07-08-10-11-12-13_Lewi-Bionic.jpg\" \/>\n\t<meta property=\"og:image:width\" content=\"500\" \/>\n\t<meta property=\"og:image:height\" content=\"500\" \/>\n\t<meta property=\"og:image:type\" content=\"image\/jpeg\" \/>\n<meta name=\"twitter:card\" content=\"summary_large_image\" \/>\n<meta name=\"twitter:label1\" content=\"Gesch\u00e4tzte Lesezeit\" \/>\n\t<meta name=\"twitter:data1\" content=\"1\u00a0Minute\" \/>\n<script type=\"application\/ld+json\" class=\"yoast-schema-graph\">{\"@context\":\"https:\/\/schema.org\",\"@graph\":[{\"@type\":\"WebPage\",\"@id\":\"https:\/\/www.staging.imesch-produkte.ch\/?product=fensterabzieher-bionic-soft\",\"url\":\"https:\/\/www.staging.imesch-produkte.ch\/?product=fensterabzieher-bionic-soft\",\"name\":\"Fensterabzieher Bionic, soft | Imesch Produkte\",\"isPartOf\":{\"@id\":\"https:\/\/www.staging.imesch-produkte.ch\/#website\"},\"primaryImageOfPage\":{\"@id\":\"https:\/\/www.staging.imesch-produkte.ch\/?product=fensterabzieher-bionic-soft#primaryimage\"},\"image\":{\"@id\":\"https:\/\/www.staging.imesch-produkte.ch\/?product=fensterabzieher-bionic-soft#primaryimage\"},\"thumbnailUrl\":\"https:\/\/www.staging.imesch-produkte.ch\/wp-content\/uploads\/2020\/06\/WEB_854-10505-06-07-08-10-11-12-13_Lewi-Bionic.jpg\",\"datePublished\":\"2020-06-12T08:51:48+00:00\",\"dateModified\":\"2024-02-26T15:35:18+00:00\",\"description\":\"Fensterabzieher Bionic: Ergonomisch, flexibel & gr\u00fcndlich dank BI-Griff, Gummi & Edelstahl-Schiene. Jetzt online bestellen.\",\"breadcrumb\":{\"@id\":\"https:\/\/www.staging.imesch-produkte.ch\/?product=fensterabzieher-bionic-soft#breadcrumb\"},\"inLanguage\":\"de\",\"potentialAction\":[{\"@type\":\"ReadAction\",\"target\":[\"https:\/\/www.staging.imesch-produkte.ch\/?product=fensterabzieher-bionic-soft\"]}]},{\"@type\":\"ImageObject\",\"inLanguage\":\"de\",\"@id\":\"https:\/\/www.staging.imesch-produkte.ch\/?product=fensterabzieher-bionic-soft#primaryimage\",\"url\":\"https:\/\/www.staging.imesch-produkte.ch\/wp-content\/uploads\/2020\/06\/WEB_854-10505-06-07-08-10-11-12-13_Lewi-Bionic.jpg\",\"contentUrl\":\"https:\/\/www.staging.imesch-produkte.ch\/wp-content\/uploads\/2020\/06\/WEB_854-10505-06-07-08-10-11-12-13_Lewi-Bionic.jpg\",\"width\":500,\"height\":500,\"caption\":\"Fensterabzieher Bionic: Ergonomisch, flexibel & gr\u00fcndlich dank BI-Griff, Gummi & Edelstahl-Schiene.\"},{\"@type\":\"BreadcrumbList\",\"@id\":\"https:\/\/www.staging.imesch-produkte.ch\/?product=fensterabzieher-bionic-soft#breadcrumb\",\"itemListElement\":[{\"@type\":\"ListItem\",\"position\":1,\"name\":\"Startseite\",\"item\":\"https:\/\/www.staging.imesch-produkte.ch\/\"},{\"@type\":\"ListItem\",\"position\":2,\"name\":\"Shop\",\"item\":\"https:\/\/www.staging.imesch-produkte.ch\/?page_id=401\"},{\"@type\":\"ListItem\",\"position\":3,\"name\":\"Fensterabzieher Bionic, soft\"}]},{\"@type\":\"WebSite\",\"@id\":\"https:\/\/www.staging.imesch-produkte.ch\/#website\",\"url\":\"https:\/\/www.staging.imesch-produkte.ch\/\",\"name\":\"Imesch-Produkte\",\"description\":\"Qualit\u00e4t verbindet Generationen\",\"publisher\":{\"@id\":\"https:\/\/www.staging.imesch-produkte.ch\/#organization\"},\"potentialAction\":[{\"@type\":\"SearchAction\",\"target\":{\"@type\":\"EntryPoint\",\"urlTemplate\":\"https:\/\/www.staging.imesch-produkte.ch\/?s={search_term_string}\"},\"query-input\":{\"@type\":\"PropertyValueSpecification\",\"valueRequired\":true,\"valueName\":\"search_term_string\"}}],\"inLanguage\":\"de\"},{\"@type\":\"Organization\",\"@id\":\"https:\/\/www.staging.imesch-produkte.ch\/#organization\",\"name\":\"Imesch-Produkte GmbH\",\"url\":\"https:\/\/www.staging.imesch-produkte.ch\/\",\"logo\":{\"@type\":\"ImageObject\",\"inLanguage\":\"de\",\"@id\":\"https:\/\/www.staging.imesch-produkte.ch\/#\/schema\/logo\/image\/\",\"url\":\"https:\/\/i0.wp.com\/www.imesch-produkte.ch\/wordpress\/wp-content\/uploads\/2020\/04\/Logo_Imesch_Produkte.png?fit=871%2C456&ssl=1\",\"contentUrl\":\"https:\/\/i0.wp.com\/www.imesch-produkte.ch\/wordpress\/wp-content\/uploads\/2020\/04\/Logo_Imesch_Produkte.png?fit=871%2C456&ssl=1\",\"width\":871,\"height\":456,\"caption\":\"Imesch-Produkte GmbH\"},\"image\":{\"@id\":\"https:\/\/www.staging.imesch-produkte.ch\/#\/schema\/logo\/image\/\"}}]}<\/script>\n<!-- \/ Yoast SEO plugin. -->","yoast_head_json":{"title":"Fensterabzieher Bionic, soft | Imesch Produkte","description":"Fensterabzieher Bionic: Ergonomisch, flexibel & gr\u00fcndlich dank BI-Griff, Gummi & Edelstahl-Schiene. Jetzt online bestellen.","robots":{"index":"noindex","follow":"follow","max-snippet":"max-snippet:-1","max-image-preview":"max-image-preview:large","max-video-preview":"max-video-preview:-1"},"og_locale":"de_DE","og_type":"article","og_title":"Fensterabzieher Bionic, soft | Imesch Produkte","og_description":"Fensterabzieher Bionic: Ergonomisch, flexibel & gr\u00fcndlich dank BI-Griff, Gummi & Edelstahl-Schiene. Jetzt online bestellen.","og_url":"https:\/\/www.staging.imesch-produkte.ch\/?product=fensterabzieher-bionic-soft","og_site_name":"Imesch Produkte","article_modified_time":"2024-02-26T15:35:18+00:00","og_image":[{"width":500,"height":500,"url":"https:\/\/www.staging.imesch-produkte.ch\/wp-content\/uploads\/2020\/06\/WEB_854-10505-06-07-08-10-11-12-13_Lewi-Bionic.jpg","type":"image\/jpeg"}],"twitter_card":"summary_large_image","twitter_misc":{"Gesch\u00e4tzte Lesezeit":"1\u00a0Minute"},"schema":{"@context":"https:\/\/schema.org","@graph":[{"@type":"WebPage","@id":"https:\/\/www.staging.imesch-produkte.ch\/?product=fensterabzieher-bionic-soft","url":"https:\/\/www.staging.imesch-produkte.ch\/?product=fensterabzieher-bionic-soft","name":"Fensterabzieher Bionic, soft | Imesch Produkte","isPartOf":{"@id":"https:\/\/www.staging.imesch-produkte.ch\/#website"},"primaryImageOfPage":{"@id":"https:\/\/www.staging.imesch-produkte.ch\/?product=fensterabzieher-bionic-soft#primaryimage"},"image":{"@id":"https:\/\/www.staging.imesch-produkte.ch\/?product=fensterabzieher-bionic-soft#primaryimage"},"thumbnailUrl":"https:\/\/www.staging.imesch-produkte.ch\/wp-content\/uploads\/2020\/06\/WEB_854-10505-06-07-08-10-11-12-13_Lewi-Bionic.jpg","datePublished":"2020-06-12T08:51:48+00:00","dateModified":"2024-02-26T15:35:18+00:00","description":"Fensterabzieher Bionic: Ergonomisch, flexibel & gr\u00fcndlich dank BI-Griff, Gummi & Edelstahl-Schiene. Jetzt online bestellen.","breadcrumb":{"@id":"https:\/\/www.staging.imesch-produkte.ch\/?product=fensterabzieher-bionic-soft#breadcrumb"},"inLanguage":"de","potentialAction":[{"@type":"ReadAction","target":["https:\/\/www.staging.imesch-produkte.ch\/?product=fensterabzieher-bionic-soft"]}]},{"@type":"ImageObject","inLanguage":"de","@id":"https:\/\/www.staging.imesch-produkte.ch\/?product=fensterabzieher-bionic-soft#primaryimage","url":"https:\/\/www.staging.imesch-produkte.ch\/wp-content\/uploads\/2020\/06\/WEB_854-10505-06-07-08-10-11-12-13_Lewi-Bionic.jpg","contentUrl":"https:\/\/www.staging.imesch-produkte.ch\/wp-content\/uploads\/2020\/06\/WEB_854-10505-06-07-08-10-11-12-13_Lewi-Bionic.jpg","width":500,"height":500,"caption":"Fensterabzieher Bionic: Ergonomisch, flexibel & gr\u00fcndlich dank BI-Griff, Gummi & Edelstahl-Schiene."},{"@type":"BreadcrumbList","@id":"https:\/\/www.staging.imesch-produkte.ch\/?product=fensterabzieher-bionic-soft#breadcrumb","itemListElement":[{"@type":"ListItem","position":1,"name":"Startseite","item":"https:\/\/www.staging.imesch-produkte.ch\/"},{"@type":"ListItem","position":2,"name":"Shop","item":"https:\/\/www.staging.imesch-produkte.ch\/?page_id=401"},{"@type":"ListItem","position":3,"name":"Fensterabzieher Bionic, soft"}]},{"@type":"WebSite","@id":"https:\/\/www.staging.imesch-produkte.ch\/#website","url":"https:\/\/www.staging.imesch-produkte.ch\/","name":"Imesch-Produkte","description":"Qualit\u00e4t verbindet Generationen","publisher":{"@id":"https:\/\/www.staging.imesch-produkte.ch\/#organization"},"potentialAction":[{"@type":"SearchAction","target":{"@type":"EntryPoint","urlTemplate":"https:\/\/www.staging.imesch-produkte.ch\/?s={search_term_string}"},"query-input":{"@type":"PropertyValueSpecification","valueRequired":true,"valueName":"search_term_string"}}],"inLanguage":"de"},{"@type":"Organization","@id":"https:\/\/www.staging.imesch-produkte.ch\/#organization","name":"Imesch-Produkte GmbH","url":"https:\/\/www.staging.imesch-produkte.ch\/","logo":{"@type":"ImageObject","inLanguage":"de","@id":"https:\/\/www.staging.imesch-produkte.ch\/#\/schema\/logo\/image\/","url":"https:\/\/i0.wp.com\/www.imesch-produkte.ch\/wordpress\/wp-content\/uploads\/2020\/04\/Logo_Imesch_Produkte.png?fit=871%2C456&ssl=1","contentUrl":"https:\/\/i0.wp.com\/www.imesch-produkte.ch\/wordpress\/wp-content\/uploads\/2020\/04\/Logo_Imesch_Produkte.png?fit=871%2C456&ssl=1","width":871,"height":456,"caption":"Imesch-Produkte GmbH"},"image":{"@id":"https:\/\/www.staging.imesch-produkte.ch\/#\/schema\/logo\/image\/"}}]}},"_links":{"self":[{"href":"https:\/\/www.staging.imesch-produkte.ch\/index.php?rest_route=\/wp\/v2\/product\/7604","targetHints":{"allow":["GET"]}}],"collection":[{"href":"https:\/\/www.staging.imesch-produkte.ch\/index.php?rest_route=\/wp\/v2\/product"}],"about":[{"href":"https:\/\/www.staging.imesch-produkte.ch\/index.php?rest_route=\/wp\/v2\/types\/product"}],"replies":[{"embeddable":true,"href":"https:\/\/www.staging.imesch-produkte.ch\/index.php?rest_route=%2Fwp%2Fv2%2Fcomments&post=7604"}],"version-history":[{"count":2,"href":"https:\/\/www.staging.imesch-produkte.ch\/index.php?rest_route=\/wp\/v2\/product\/7604\/revisions"}],"predecessor-version":[{"id":17537,"href":"https:\/\/www.staging.imesch-produkte.ch\/index.php?rest_route=\/wp\/v2\/product\/7604\/revisions\/17537"}],"wp:featuredmedia":[{"embeddable":true,"href":"https:\/\/www.staging.imesch-produkte.ch\/index.php?rest_route=\/wp\/v2\/media\/7602"}],"wp:attachment":[{"href":"https:\/\/www.staging.imesch-produkte.ch\/index.php?rest_route=%2Fwp%2Fv2%2Fmedia&parent=7604"}],"wp:term":[{"taxonomy":"product_cat","embeddable":true,"href":"https:\/\/www.staging.imesch-produkte.ch\/index.php?rest_route=%2Fwp%2Fv2%2Fproduct_cat&post=7604"},{"taxonomy":"product_tag","embeddable":true,"href":"https:\/\/www.staging.imesch-produkte.ch\/index.php?rest_route=%2Fwp%2Fv2%2Fproduct_tag&post=7604"}],"curies":[{"name":"wp","href":"https:\/\/api.w.org\/{rel}","templated":true}]}}