{"id":9676,"date":"2020-10-09T08:32:50","date_gmt":"2020-10-09T06:32:50","guid":{"rendered":"https:\/\/www.imesch-produkte.ch\/?post_type=product&#038;p=9676"},"modified":"2024-02-26T16:35:57","modified_gmt":"2024-02-26T15:35:57","slug":"glaskuppel-led","status":"publish","type":"product","link":"https:\/\/www.staging.imesch-produkte.ch\/?product=glaskuppel-led","title":{"rendered":"Glaskuppel LED, 23 cm"},"content":{"rendered":"<div>Die Glaskuppel mit den LED Lichtern versch\u00f6nert jeden Raum. Die Kuppel in der Farbe champagne sorgt f\u00fcr eine herbstliche oder winterliche Atmosph\u00e4re. Die Glaskuppel eignet sich ausschliesslich f\u00fcr den Innengebrauch und wird mit Batterie betrieben.<\/div>\n","protected":false},"excerpt":{"rendered":"<div class=\"allgInfo\">\n<div class=\"number\"><label>Material: <\/label>Glas<\/div>\n<\/div>\n<div id=\"tab-specification\" class=\"specs\">\n<p><label>Form: <\/label>Rund<br \/>\n<label>H\u00f6he: 23 cm<\/label><br \/>\n<label>Farbe: <\/label>champagne<br \/>\n<label>Oberfl\u00e4chenstruktur: <\/label>gl\u00e4nzend<br \/>\n<label>Outdoor\/Indoor: <\/label>Indoor<br \/>\n<label>Energie-Typ: <\/label>Batterie<\/p>\n<\/div>\n","protected":false},"featured_media":9677,"comment_status":"open","ping_status":"closed","template":"","meta":[],"product_cat":[858,859],"product_tag":[98,733,94,762,699,774],"class_list":{"0":"post-9676","1":"product","2":"type-product","3":"status-publish","4":"has-post-thumbnail","6":"product_cat-wohnen-und-buero","7":"product_cat-deko-wohnen","8":"product_tag-fest","9":"product_tag-gastronomie","10":"product_tag-haushalt","11":"product_tag-herbst","12":"product_tag-unternehmen","13":"product_tag-winter","15":"first","16":"instock","17":"sale","18":"taxable","19":"shipping-taxable","20":"purchasable","21":"product-type-simple"},"yoast_head":"<!-- This site is optimized with the Yoast SEO plugin v23.9 - https:\/\/yoast.com\/wordpress\/plugins\/seo\/ -->\n<title>Glaskuppel LED, 23 cm | Imesch Produkte<\/title>\n<meta name=\"description\" content=\"Die Glaskuppel mit den LED Lichtern versch\u00f6nert jeden Raum. Die Kuppel in der Farbe champagne sorgt f\u00fcr eine herbstliche oder winterliche Atmosph\u00e4re.\" \/>\n<meta name=\"robots\" content=\"noindex, follow, max-snippet:-1, max-image-preview:large, max-video-preview:-1\" \/>\n<meta property=\"og:locale\" content=\"de_DE\" \/>\n<meta property=\"og:type\" content=\"article\" \/>\n<meta property=\"og:title\" content=\"Glaskuppel LED, 23 cm | Imesch Produkte\" \/>\n<meta property=\"og:description\" content=\"Die Glaskuppel mit den LED Lichtern versch\u00f6nert jeden Raum. Die Kuppel in der Farbe champagne sorgt f\u00fcr eine herbstliche oder winterliche Atmosph\u00e4re.\" \/>\n<meta property=\"og:url\" content=\"https:\/\/www.staging.imesch-produkte.ch\/?product=glaskuppel-led\" \/>\n<meta property=\"og:site_name\" content=\"Imesch Produkte\" \/>\n<meta property=\"article:modified_time\" content=\"2024-02-26T15:35:57+00:00\" \/>\n<meta property=\"og:image\" content=\"https:\/\/www.staging.imesch-produkte.ch\/wp-content\/uploads\/2020\/10\/WEB_30132.02913.035_Glaskuppel.jpg\" \/>\n\t<meta property=\"og:image:width\" content=\"1000\" \/>\n\t<meta property=\"og:image:height\" content=\"1000\" \/>\n\t<meta property=\"og:image:type\" content=\"image\/jpeg\" \/>\n<meta name=\"twitter:card\" content=\"summary_large_image\" \/>\n<meta name=\"twitter:label1\" content=\"Gesch\u00e4tzte Lesezeit\" \/>\n\t<meta name=\"twitter:data1\" content=\"1\u00a0Minute\" \/>\n<script type=\"application\/ld+json\" class=\"yoast-schema-graph\">{\"@context\":\"https:\/\/schema.org\",\"@graph\":[{\"@type\":\"WebPage\",\"@id\":\"https:\/\/www.staging.imesch-produkte.ch\/?product=glaskuppel-led\",\"url\":\"https:\/\/www.staging.imesch-produkte.ch\/?product=glaskuppel-led\",\"name\":\"Glaskuppel LED, 23 cm | Imesch Produkte\",\"isPartOf\":{\"@id\":\"https:\/\/www.staging.imesch-produkte.ch\/#website\"},\"primaryImageOfPage\":{\"@id\":\"https:\/\/www.staging.imesch-produkte.ch\/?product=glaskuppel-led#primaryimage\"},\"image\":{\"@id\":\"https:\/\/www.staging.imesch-produkte.ch\/?product=glaskuppel-led#primaryimage\"},\"thumbnailUrl\":\"https:\/\/www.staging.imesch-produkte.ch\/wp-content\/uploads\/2020\/10\/WEB_30132.02913.035_Glaskuppel.jpg\",\"datePublished\":\"2020-10-09T06:32:50+00:00\",\"dateModified\":\"2024-02-26T15:35:57+00:00\",\"description\":\"Die Glaskuppel mit den LED Lichtern versch\u00f6nert jeden Raum. Die Kuppel in der Farbe champagne sorgt f\u00fcr eine herbstliche oder winterliche Atmosph\u00e4re.\",\"breadcrumb\":{\"@id\":\"https:\/\/www.staging.imesch-produkte.ch\/?product=glaskuppel-led#breadcrumb\"},\"inLanguage\":\"de\",\"potentialAction\":[{\"@type\":\"ReadAction\",\"target\":[\"https:\/\/www.staging.imesch-produkte.ch\/?product=glaskuppel-led\"]}]},{\"@type\":\"ImageObject\",\"inLanguage\":\"de\",\"@id\":\"https:\/\/www.staging.imesch-produkte.ch\/?product=glaskuppel-led#primaryimage\",\"url\":\"https:\/\/www.staging.imesch-produkte.ch\/wp-content\/uploads\/2020\/10\/WEB_30132.02913.035_Glaskuppel.jpg\",\"contentUrl\":\"https:\/\/www.staging.imesch-produkte.ch\/wp-content\/uploads\/2020\/10\/WEB_30132.02913.035_Glaskuppel.jpg\",\"width\":1000,\"height\":1000},{\"@type\":\"BreadcrumbList\",\"@id\":\"https:\/\/www.staging.imesch-produkte.ch\/?product=glaskuppel-led#breadcrumb\",\"itemListElement\":[{\"@type\":\"ListItem\",\"position\":1,\"name\":\"Startseite\",\"item\":\"https:\/\/www.staging.imesch-produkte.ch\/\"},{\"@type\":\"ListItem\",\"position\":2,\"name\":\"Shop\",\"item\":\"https:\/\/www.staging.imesch-produkte.ch\/?page_id=401\"},{\"@type\":\"ListItem\",\"position\":3,\"name\":\"Glaskuppel LED, 23 cm\"}]},{\"@type\":\"WebSite\",\"@id\":\"https:\/\/www.staging.imesch-produkte.ch\/#website\",\"url\":\"https:\/\/www.staging.imesch-produkte.ch\/\",\"name\":\"Imesch-Produkte\",\"description\":\"Qualit\u00e4t verbindet Generationen\",\"publisher\":{\"@id\":\"https:\/\/www.staging.imesch-produkte.ch\/#organization\"},\"potentialAction\":[{\"@type\":\"SearchAction\",\"target\":{\"@type\":\"EntryPoint\",\"urlTemplate\":\"https:\/\/www.staging.imesch-produkte.ch\/?s={search_term_string}\"},\"query-input\":{\"@type\":\"PropertyValueSpecification\",\"valueRequired\":true,\"valueName\":\"search_term_string\"}}],\"inLanguage\":\"de\"},{\"@type\":\"Organization\",\"@id\":\"https:\/\/www.staging.imesch-produkte.ch\/#organization\",\"name\":\"Imesch-Produkte GmbH\",\"url\":\"https:\/\/www.staging.imesch-produkte.ch\/\",\"logo\":{\"@type\":\"ImageObject\",\"inLanguage\":\"de\",\"@id\":\"https:\/\/www.staging.imesch-produkte.ch\/#\/schema\/logo\/image\/\",\"url\":\"https:\/\/i0.wp.com\/www.imesch-produkte.ch\/wordpress\/wp-content\/uploads\/2020\/04\/Logo_Imesch_Produkte.png?fit=871%2C456&ssl=1\",\"contentUrl\":\"https:\/\/i0.wp.com\/www.imesch-produkte.ch\/wordpress\/wp-content\/uploads\/2020\/04\/Logo_Imesch_Produkte.png?fit=871%2C456&ssl=1\",\"width\":871,\"height\":456,\"caption\":\"Imesch-Produkte GmbH\"},\"image\":{\"@id\":\"https:\/\/www.staging.imesch-produkte.ch\/#\/schema\/logo\/image\/\"}}]}<\/script>\n<!-- \/ Yoast SEO plugin. -->","yoast_head_json":{"title":"Glaskuppel LED, 23 cm | Imesch Produkte","description":"Die Glaskuppel mit den LED Lichtern versch\u00f6nert jeden Raum. Die Kuppel in der Farbe champagne sorgt f\u00fcr eine herbstliche oder winterliche Atmosph\u00e4re.","robots":{"index":"noindex","follow":"follow","max-snippet":"max-snippet:-1","max-image-preview":"max-image-preview:large","max-video-preview":"max-video-preview:-1"},"og_locale":"de_DE","og_type":"article","og_title":"Glaskuppel LED, 23 cm | Imesch Produkte","og_description":"Die Glaskuppel mit den LED Lichtern versch\u00f6nert jeden Raum. Die Kuppel in der Farbe champagne sorgt f\u00fcr eine herbstliche oder winterliche Atmosph\u00e4re.","og_url":"https:\/\/www.staging.imesch-produkte.ch\/?product=glaskuppel-led","og_site_name":"Imesch Produkte","article_modified_time":"2024-02-26T15:35:57+00:00","og_image":[{"width":1000,"height":1000,"url":"https:\/\/www.staging.imesch-produkte.ch\/wp-content\/uploads\/2020\/10\/WEB_30132.02913.035_Glaskuppel.jpg","type":"image\/jpeg"}],"twitter_card":"summary_large_image","twitter_misc":{"Gesch\u00e4tzte Lesezeit":"1\u00a0Minute"},"schema":{"@context":"https:\/\/schema.org","@graph":[{"@type":"WebPage","@id":"https:\/\/www.staging.imesch-produkte.ch\/?product=glaskuppel-led","url":"https:\/\/www.staging.imesch-produkte.ch\/?product=glaskuppel-led","name":"Glaskuppel LED, 23 cm | Imesch Produkte","isPartOf":{"@id":"https:\/\/www.staging.imesch-produkte.ch\/#website"},"primaryImageOfPage":{"@id":"https:\/\/www.staging.imesch-produkte.ch\/?product=glaskuppel-led#primaryimage"},"image":{"@id":"https:\/\/www.staging.imesch-produkte.ch\/?product=glaskuppel-led#primaryimage"},"thumbnailUrl":"https:\/\/www.staging.imesch-produkte.ch\/wp-content\/uploads\/2020\/10\/WEB_30132.02913.035_Glaskuppel.jpg","datePublished":"2020-10-09T06:32:50+00:00","dateModified":"2024-02-26T15:35:57+00:00","description":"Die Glaskuppel mit den LED Lichtern versch\u00f6nert jeden Raum. Die Kuppel in der Farbe champagne sorgt f\u00fcr eine herbstliche oder winterliche Atmosph\u00e4re.","breadcrumb":{"@id":"https:\/\/www.staging.imesch-produkte.ch\/?product=glaskuppel-led#breadcrumb"},"inLanguage":"de","potentialAction":[{"@type":"ReadAction","target":["https:\/\/www.staging.imesch-produkte.ch\/?product=glaskuppel-led"]}]},{"@type":"ImageObject","inLanguage":"de","@id":"https:\/\/www.staging.imesch-produkte.ch\/?product=glaskuppel-led#primaryimage","url":"https:\/\/www.staging.imesch-produkte.ch\/wp-content\/uploads\/2020\/10\/WEB_30132.02913.035_Glaskuppel.jpg","contentUrl":"https:\/\/www.staging.imesch-produkte.ch\/wp-content\/uploads\/2020\/10\/WEB_30132.02913.035_Glaskuppel.jpg","width":1000,"height":1000},{"@type":"BreadcrumbList","@id":"https:\/\/www.staging.imesch-produkte.ch\/?product=glaskuppel-led#breadcrumb","itemListElement":[{"@type":"ListItem","position":1,"name":"Startseite","item":"https:\/\/www.staging.imesch-produkte.ch\/"},{"@type":"ListItem","position":2,"name":"Shop","item":"https:\/\/www.staging.imesch-produkte.ch\/?page_id=401"},{"@type":"ListItem","position":3,"name":"Glaskuppel LED, 23 cm"}]},{"@type":"WebSite","@id":"https:\/\/www.staging.imesch-produkte.ch\/#website","url":"https:\/\/www.staging.imesch-produkte.ch\/","name":"Imesch-Produkte","description":"Qualit\u00e4t verbindet Generationen","publisher":{"@id":"https:\/\/www.staging.imesch-produkte.ch\/#organization"},"potentialAction":[{"@type":"SearchAction","target":{"@type":"EntryPoint","urlTemplate":"https:\/\/www.staging.imesch-produkte.ch\/?s={search_term_string}"},"query-input":{"@type":"PropertyValueSpecification","valueRequired":true,"valueName":"search_term_string"}}],"inLanguage":"de"},{"@type":"Organization","@id":"https:\/\/www.staging.imesch-produkte.ch\/#organization","name":"Imesch-Produkte GmbH","url":"https:\/\/www.staging.imesch-produkte.ch\/","logo":{"@type":"ImageObject","inLanguage":"de","@id":"https:\/\/www.staging.imesch-produkte.ch\/#\/schema\/logo\/image\/","url":"https:\/\/i0.wp.com\/www.imesch-produkte.ch\/wordpress\/wp-content\/uploads\/2020\/04\/Logo_Imesch_Produkte.png?fit=871%2C456&ssl=1","contentUrl":"https:\/\/i0.wp.com\/www.imesch-produkte.ch\/wordpress\/wp-content\/uploads\/2020\/04\/Logo_Imesch_Produkte.png?fit=871%2C456&ssl=1","width":871,"height":456,"caption":"Imesch-Produkte GmbH"},"image":{"@id":"https:\/\/www.staging.imesch-produkte.ch\/#\/schema\/logo\/image\/"}}]}},"_links":{"self":[{"href":"https:\/\/www.staging.imesch-produkte.ch\/index.php?rest_route=\/wp\/v2\/product\/9676","targetHints":{"allow":["GET"]}}],"collection":[{"href":"https:\/\/www.staging.imesch-produkte.ch\/index.php?rest_route=\/wp\/v2\/product"}],"about":[{"href":"https:\/\/www.staging.imesch-produkte.ch\/index.php?rest_route=\/wp\/v2\/types\/product"}],"replies":[{"embeddable":true,"href":"https:\/\/www.staging.imesch-produkte.ch\/index.php?rest_route=%2Fwp%2Fv2%2Fcomments&post=9676"}],"version-history":[{"count":2,"href":"https:\/\/www.staging.imesch-produkte.ch\/index.php?rest_route=\/wp\/v2\/product\/9676\/revisions"}],"predecessor-version":[{"id":1874458,"href":"https:\/\/www.staging.imesch-produkte.ch\/index.php?rest_route=\/wp\/v2\/product\/9676\/revisions\/1874458"}],"wp:featuredmedia":[{"embeddable":true,"href":"https:\/\/www.staging.imesch-produkte.ch\/index.php?rest_route=\/wp\/v2\/media\/9677"}],"wp:attachment":[{"href":"https:\/\/www.staging.imesch-produkte.ch\/index.php?rest_route=%2Fwp%2Fv2%2Fmedia&parent=9676"}],"wp:term":[{"taxonomy":"product_cat","embeddable":true,"href":"https:\/\/www.staging.imesch-produkte.ch\/index.php?rest_route=%2Fwp%2Fv2%2Fproduct_cat&post=9676"},{"taxonomy":"product_tag","embeddable":true,"href":"https:\/\/www.staging.imesch-produkte.ch\/index.php?rest_route=%2Fwp%2Fv2%2Fproduct_tag&post=9676"}],"curies":[{"name":"wp","href":"https:\/\/api.w.org\/{rel}","templated":true}]}}